CRAN Package Check Results for Package NFLSimulatoR

Last updated on 2022-05-27 12:53:20 CEST.

Flavor Version Tinstall Tcheck Ttotal Status Flags
r-devel-linux-x86_64-debian-clang 0.3.0 3.68 67.82 71.50 NOTE
r-devel-linux-x86_64-debian-gcc 0.3.0 2.66 63.11 65.77 NOTE
r-devel-linux-x86_64-fedora-clang 0.3.0 86.37 NOTE
r-devel-linux-x86_64-fedora-gcc 0.3.0 85.17 NOTE
r-devel-windows-x86_64 0.3.0 27.00 96.00 123.00 NOTE
r-patched-linux-x86_64 0.3.0 2.54 67.41 69.95 NOTE
r-release-linux-x86_64 0.3.0 3.20 65.88 69.08 NOTE
r-release-macos-arm64 0.3.0 40.00 NOTE
r-release-macos-x86_64 0.3.0 53.00 NOTE
r-release-windows-x86_64 0.3.0 26.00 98.00 124.00 NOTE
r-oldrel-macos-arm64 0.3.0 49.00 NOTE
r-oldrel-macos-x86_64 0.3.0 59.00 NOTE
r-oldrel-windows-ix86+x86_64 0.3.0 12.00 267.00 279.00 NOTE

Check Details

Version: 0.3.0
Check: LazyData
Result: NOTE
     'LazyData' is specified without a 'data' directory
Flavors: r-devel-linux-x86_64-debian-clang, r-devel-linux-x86_64-debian-gcc, r-devel-linux-x86_64-fedora-clang, r-devel-linux-x86_64-fedora-gcc, r-devel-windows-x86_64, r-patched-linux-x86_64, r-release-linux-x86_64, r-release-macos-arm64, r-release-macos-x86_64, r-release-windows-x86_64, r-oldrel-macos-arm64, r-oldrel-macos-x86_64, r-oldrel-windows-ix86+x86_64