Last updated on 2023-05-30 14:56:51 CEST.
Flavor | Version | Tinstall | Tcheck | Ttotal | Status | Flags |
---|---|---|---|---|---|---|
r-devel-linux-x86_64-debian-clang | 0.4.0 | 4.24 | 58.45 | 62.69 | OK | |
r-devel-linux-x86_64-debian-gcc | 0.4.0 | 3.25 | 52.90 | 56.15 | OK | |
r-devel-linux-x86_64-fedora-clang | 0.4.0 | 75.06 | NOTE | |||
r-devel-linux-x86_64-fedora-gcc | 0.4.0 | 95.11 | NOTE | |||
r-devel-windows-x86_64 | 0.4.0 | 5.00 | 63.00 | 68.00 | OK | |
r-patched-linux-x86_64 | 0.4.0 | 3.47 | 54.85 | 58.32 | OK | |
r-release-linux-x86_64 | 0.4.0 | 2.40 | 62.81 | 65.21 | OK | |
r-release-macos-arm64 | 0.4.0 | 38.00 | OK | |||
r-release-macos-x86_64 | 0.4.0 | 46.00 | OK | |||
r-release-windows-x86_64 | 0.4.0 | 6.00 | 72.00 | 78.00 | OK | |
r-oldrel-macos-arm64 | 0.4.0 | 27.00 | NOTE | |||
r-oldrel-macos-x86_64 | 0.4.0 | 38.00 | NOTE | |||
r-oldrel-windows-x86_64 | 0.4.0 | 6.00 | 70.00 | 76.00 | OK |
Version: 0.4.0
Check: dependencies in R code
Result: NOTE
Namespace in Imports field not imported from: ‘nflfastR’
All declared Imports should be used.
Flavors: r-devel-linux-x86_64-fedora-clang, r-devel-linux-x86_64-fedora-gcc, r-oldrel-macos-arm64, r-oldrel-macos-x86_64