CRAN Package Check Results for Package NNMIS

Last updated on 2022-01-22 21:53:50 CET.

Flavor Version Tinstall Tcheck Ttotal Status Flags
r-devel-linux-x86_64-debian-clang 1.0.1 2.52 38.77 41.29 NOTE
r-devel-linux-x86_64-debian-gcc 1.0.1 2.09 30.02 32.11 NOTE
r-devel-linux-x86_64-fedora-clang 1.0.1 50.98 NOTE
r-devel-linux-x86_64-fedora-gcc 1.0.1 41.07 NOTE
r-devel-windows-x86_64-new-UL 1.0.1 16.00 57.00 73.00 NOTE
r-devel-windows-x86_64-new-TK 1.0.1 NOTE
r-patched-linux-x86_64 1.0.1 2.78 37.66 40.44 NOTE
r-release-linux-x86_64 1.0.1 2.69 37.48 40.17 NOTE
r-release-macos-arm64 1.0.1 NOTE
r-release-macos-x86_64 1.0.1 NOTE
r-release-windows-ix86+x86_64 1.0.1 6.00 47.00 53.00 NOTE
r-oldrel-macos-x86_64 1.0.1 OK
r-oldrel-windows-ix86+x86_64 1.0.1 5.00 48.00 53.00 OK

Check Details

Version: 1.0.1
Check: LazyData
Result: NOTE
     'LazyData' is specified without a 'data' directory
Flavors: r-devel-linux-x86_64-debian-clang, r-devel-linux-x86_64-debian-gcc, r-devel-linux-x86_64-fedora-clang, r-devel-linux-x86_64-fedora-gcc, r-devel-windows-x86_64-new-UL, r-devel-windows-x86_64-new-TK, r-patched-linux-x86_64, r-release-linux-x86_64, r-release-macos-arm64, r-release-macos-x86_64, r-release-windows-ix86+x86_64