Last updated on 2022-05-23 00:51:03 CEST.
Flavor | Version | Tinstall | Tcheck | Ttotal | Status | Flags |
---|---|---|---|---|---|---|
r-devel-linux-x86_64-debian-clang | 0.13.3 | 284.81 | 148.77 | 433.58 | OK | |
r-devel-linux-x86_64-debian-gcc | 0.13.3 | 218.41 | 106.38 | 324.79 | OK | |
r-devel-linux-x86_64-fedora-clang | 0.13.3 | 613.86 | NOTE | |||
r-devel-linux-x86_64-fedora-gcc | 0.13.3 | 548.57 | OK | |||
r-devel-windows-x86_64 | 0.13.3 | 226.00 | 183.00 | 409.00 | OK | |
r-patched-linux-x86_64 | 0.13.3 | 242.86 | 136.21 | 379.07 | OK | |
r-release-linux-x86_64 | 0.13.3 | 243.53 | 139.65 | 383.18 | OK | |
r-release-macos-arm64 | 0.13.3 | 118.00 | NOTE | |||
r-release-macos-x86_64 | 0.13.3 | 221.00 | NOTE | |||
r-release-windows-x86_64 | 0.13.3 | 217.00 | 187.00 | 404.00 | OK | |
r-oldrel-macos-arm64 | 0.13.3 | 127.00 | NOTE | |||
r-oldrel-macos-x86_64 | 0.13.3 | 210.00 | NOTE | |||
r-oldrel-windows-ix86+x86_64 | 0.13.3 | 696.00 | 243.00 | 939.00 | OK |
Version: 0.13.3
Check: installed package size
Result: NOTE
installed size is 6.6Mb
sub-directories of 1Mb or more:
libs 6.0Mb
Flavors: r-devel-linux-x86_64-fedora-clang, r-release-macos-arm64, r-release-macos-x86_64, r-oldrel-macos-arm64, r-oldrel-macos-x86_64