CRAN Package Check Results for Package NatureSounds

Last updated on 2022-06-28 13:50:03 CEST.

Flavor Version Tinstall Tcheck Ttotal Status Flags
r-devel-linux-x86_64-debian-clang 1.0.4 3.71 26.83 30.54 OK
r-devel-linux-x86_64-debian-gcc 1.0.4 4.42 21.46 25.88 OK
r-devel-linux-x86_64-fedora-clang 1.0.4 49.40 NOTE
r-devel-linux-x86_64-fedora-gcc 1.0.4 49.03 NOTE
r-devel-windows-x86_64 1.0.4 33.00 57.00 90.00 NOTE
r-patched-linux-x86_64 1.0.4 4.27 26.65 30.92 OK
r-release-linux-x86_64 1.0.4 5.15 26.83 31.98 OK
r-release-macos-arm64 1.0.4 19.00 NOTE
r-release-macos-x86_64 1.0.4 28.00 NOTE
r-release-windows-x86_64 1.0.4 29.00 57.00 86.00 NOTE
r-oldrel-macos-arm64 1.0.4 24.00 NOTE
r-oldrel-macos-x86_64 1.0.4 33.00 NOTE
r-oldrel-windows-ix86+x86_64 1.0.4 11.00 49.00 60.00 NOTE

Check Details

Version: 1.0.4
Check: installed package size
Result: NOTE
     installed size is 5.8Mb
     sub-directories of 1Mb or more:
     data 4.0Mb
     doc 1.7Mb
Flavors: r-devel-linux-x86_64-fedora-clang, r-devel-windows-x86_64, r-release-macos-arm64, r-release-macos-x86_64, r-release-windows-x86_64, r-oldrel-macos-arm64, r-oldrel-macos-x86_64, r-oldrel-windows-ix86+x86_64

Version: 1.0.4
Check: dependencies in R code
Result: NOTE
    Namespace in Imports field not imported from: ‘tuneR’
     All declared Imports should be used.
Flavors: r-devel-linux-x86_64-fedora-clang, r-devel-linux-x86_64-fedora-gcc, r-release-macos-arm64, r-release-macos-x86_64, r-oldrel-macos-arm64, r-oldrel-macos-x86_64