Last updated on 2022-05-21 07:55:30 CEST.
Flavor | Version | Tinstall | Tcheck | Ttotal | Status | Flags |
---|---|---|---|---|---|---|
r-devel-linux-x86_64-debian-clang | 1.0.0 | 3.48 | 403.89 | 407.37 | NOTE | |
r-devel-linux-x86_64-debian-gcc | 1.0.0 | 3.09 | 283.09 | 286.18 | NOTE | |
r-devel-linux-x86_64-fedora-clang | 1.0.0 | 444.03 | NOTE | |||
r-devel-linux-x86_64-fedora-gcc | 1.0.0 | 479.56 | NOTE | |||
r-devel-windows-x86_64 | 1.0.0 | 15.00 | 393.00 | 408.00 | NOTE | |
r-patched-linux-x86_64 | 1.0.0 | 3.40 | 374.49 | 377.89 | NOTE | |
r-release-linux-x86_64 | 1.0.0 | 3.79 | 374.77 | 378.56 | NOTE | |
r-release-macos-arm64 | 1.0.0 | 97.00 | NOTE | |||
r-release-macos-x86_64 | 1.0.0 | 178.00 | NOTE | |||
r-release-windows-x86_64 | 1.0.0 | 18.00 | 402.00 | 420.00 | NOTE | |
r-oldrel-macos-arm64 | 1.0.0 | 113.00 | NOTE | |||
r-oldrel-macos-x86_64 | 1.0.0 | 211.00 | NOTE | |||
r-oldrel-windows-ix86+x86_64 | 1.0.0 | 9.00 | 448.00 | 457.00 | NOTE |
Version: 1.0.0
Check: LazyData
Result: NOTE
'LazyData' is specified without a 'data' directory
Flavors: r-devel-linux-x86_64-debian-clang, r-devel-linux-x86_64-debian-gcc, r-devel-linux-x86_64-fedora-clang, r-devel-linux-x86_64-fedora-gcc, r-devel-windows-x86_64, r-patched-linux-x86_64, r-release-linux-x86_64, r-release-macos-arm64, r-release-macos-x86_64, r-release-windows-x86_64, r-oldrel-macos-arm64, r-oldrel-macos-x86_64, r-oldrel-windows-ix86+x86_64