CRAN Package Check Results for Package OWEA

Last updated on 2022-05-18 06:50:49 CEST.

Flavor Version Tinstall Tcheck Ttotal Status Flags
r-devel-linux-x86_64-debian-clang 0.1.1 2.88 38.30 41.18 NOTE
r-devel-linux-x86_64-debian-gcc 0.1.1 2.50 29.28 31.78 NOTE
r-devel-linux-x86_64-fedora-clang 0.1.1 49.90 NOTE
r-devel-linux-x86_64-fedora-gcc 0.1.1 50.99 NOTE
r-devel-windows-x86_64 0.1.1 16.00 55.00 71.00 NOTE
r-patched-linux-x86_64 0.1.1 3.12 37.40 40.52 NOTE
r-release-linux-x86_64 0.1.1 3.00 36.52 39.52 NOTE
r-release-macos-arm64 0.1.1 19.00 NOTE
r-release-macos-x86_64 0.1.1 30.00 NOTE
r-release-windows-x86_64 0.1.1 16.00 52.00 68.00 NOTE
r-oldrel-macos-arm64 0.1.1 16.00 NOTE
r-oldrel-macos-x86_64 0.1.1 28.00 NOTE
r-oldrel-windows-ix86+x86_64 0.1.1 7.00 46.00 53.00 NOTE

Check Details

Version: 0.1.1
Check: LazyData
Result: NOTE
     'LazyData' is specified without a 'data' directory
Flavors: r-devel-linux-x86_64-debian-clang, r-devel-linux-x86_64-debian-gcc, r-devel-linux-x86_64-fedora-clang, r-devel-linux-x86_64-fedora-gcc, r-devel-windows-x86_64, r-patched-linux-x86_64, r-release-linux-x86_64, r-release-macos-arm64, r-release-macos-x86_64, r-release-windows-x86_64, r-oldrel-macos-arm64, r-oldrel-macos-x86_64, r-oldrel-windows-ix86+x86_64