CRAN Package Check Results for Package PACLasso

Last updated on 2022-01-22 21:53:51 CET.

Flavor Version Tinstall Tcheck Ttotal Status Flags
r-devel-linux-x86_64-debian-clang 1.0.0 6.98 103.41 110.39 NOTE
r-devel-linux-x86_64-debian-gcc 1.0.0 6.66 80.92 87.58 NOTE
r-devel-linux-x86_64-fedora-clang 1.0.0 135.17 NOTE
r-devel-linux-x86_64-fedora-gcc 1.0.0 133.25 NOTE
r-devel-windows-x86_64-new-UL 1.0.0 19.00 123.00 142.00 NOTE
r-devel-windows-x86_64-new-TK 1.0.0 NOTE
r-patched-linux-x86_64 1.0.0 7.50 101.33 108.83 NOTE
r-release-linux-x86_64 1.0.0 7.51 101.76 109.27 NOTE
r-release-macos-arm64 1.0.0 NOTE
r-release-macos-x86_64 1.0.0 NOTE
r-release-windows-ix86+x86_64 1.0.0 17.00 120.00 137.00 NOTE
r-oldrel-macos-x86_64 1.0.0 OK
r-oldrel-windows-ix86+x86_64 1.0.0 18.00 123.00 141.00 OK

Check Details

Version: 1.0.0
Check: LazyData
Result: NOTE
     'LazyData' is specified without a 'data' directory
Flavors: r-devel-linux-x86_64-debian-clang, r-devel-linux-x86_64-debian-gcc, r-devel-linux-x86_64-fedora-clang, r-devel-linux-x86_64-fedora-gcc, r-devel-windows-x86_64-new-UL, r-devel-windows-x86_64-new-TK, r-patched-linux-x86_64, r-release-linux-x86_64, r-release-macos-arm64, r-release-macos-x86_64, r-release-windows-ix86+x86_64