CRAN Package Check Results for Package PAMA

Last updated on 2022-05-17 01:50:55 CEST.

Flavor Version Tinstall Tcheck Ttotal Status Flags
r-devel-linux-x86_64-debian-clang 1.2.0 13.20 51.12 64.32 OK
r-devel-linux-x86_64-debian-gcc 1.2.0 8.71 39.09 47.80 OK
r-devel-linux-x86_64-fedora-clang 1.2.0 78.06 NOTE
r-devel-linux-x86_64-fedora-gcc 1.2.0 75.94 NOTE
r-devel-windows-x86_64 1.2.0 20.00 88.00 108.00 OK
r-patched-linux-x86_64 1.2.0 9.93 50.39 60.32 OK
r-release-linux-x86_64 1.2.0 9.14 50.16 59.30 OK
r-release-macos-arm64 1.2.0 22.00 NOTE
r-release-macos-x86_64 1.2.0 32.00 NOTE
r-release-windows-x86_64 1.2.0 23.00 83.00 106.00 OK
r-oldrel-macos-arm64 1.2.0 24.00 NOTE
r-oldrel-macos-x86_64 1.2.0 36.00 NOTE
r-oldrel-windows-ix86+x86_64 1.2.0 29.00 95.00 124.00 OK

Check Details

Version: 1.2.0
Check: dependencies in R code
Result: NOTE
    Namespace in Imports field not imported from: ‘Rcpp’
     All declared Imports should be used.
Flavors: r-devel-linux-x86_64-fedora-clang, r-devel-linux-x86_64-fedora-gcc, r-release-macos-arm64, r-release-macos-x86_64, r-oldrel-macos-arm64, r-oldrel-macos-x86_64

Version: 1.2.0
Check: compiled code
Result: NOTE
    File ‘PAMA/libs/PAMA.so’:
     Found no calls to: ‘R_registerRoutines’, ‘R_useDynamicSymbols’
    
    It is good practice to register native routines and to disable symbol
    search.
    
    See ‘Writing portable packages’ in the ‘Writing R Extensions’ manual.
Flavors: r-devel-linux-x86_64-fedora-clang, r-devel-linux-x86_64-fedora-gcc