CRAN Package Check Results for Package PKPDmodels

Last updated on 2022-05-17 04:50:39 CEST.

Flavor Version Tinstall Tcheck Ttotal Status Flags
r-devel-linux-x86_64-debian-clang 0.3.2 1.98 35.00 36.98 NOTE
r-devel-linux-x86_64-debian-gcc 0.3.2 1.56 27.39 28.95 NOTE
r-devel-linux-x86_64-fedora-clang 0.3.2 46.76 NOTE
r-devel-linux-x86_64-fedora-gcc 0.3.2 47.59 NOTE
r-devel-windows-x86_64 0.3.2 9.00 71.00 80.00 NOTE
r-patched-linux-x86_64 0.3.2 1.97 34.53 36.50 NOTE
r-release-linux-x86_64 0.3.2 2.19 33.83 36.02 NOTE
r-release-macos-arm64 0.3.2 18.00 NOTE
r-release-macos-x86_64 0.3.2 25.00 NOTE
r-release-windows-x86_64 0.3.2 23.00 64.00 87.00 NOTE
r-oldrel-macos-arm64 0.3.2 24.00 NOTE
r-oldrel-macos-x86_64 0.3.2 35.00 NOTE
r-oldrel-windows-ix86+x86_64 0.3.2 5.00 45.00 50.00 NOTE

Check Details

Version: 0.3.2
Check: R code for possible problems
Result: NOTE
    PKmod: no visible global function definition for 'deriv'
    Undefined global functions or variables:
     deriv
    Consider adding
     importFrom("stats", "deriv")
    to your NAMESPACE file.
Flavors: r-devel-linux-x86_64-debian-clang, r-devel-linux-x86_64-debian-gcc, r-devel-linux-x86_64-fedora-clang, r-devel-linux-x86_64-fedora-gcc, r-devel-windows-x86_64, r-patched-linux-x86_64, r-release-linux-x86_64, r-release-macos-arm64, r-release-macos-x86_64, r-release-windows-x86_64, r-oldrel-macos-arm64, r-oldrel-macos-x86_64, r-oldrel-windows-ix86+x86_64