Last updated on 2023-02-09 13:50:53 CET.
Flavor | Version | Tinstall | Tcheck | Ttotal | Status | Flags |
---|---|---|---|---|---|---|
r-devel-linux-x86_64-debian-clang | 1.1.1 | 114.06 | 398.98 | 513.04 | OK | |
r-devel-linux-x86_64-debian-gcc | 1.1.1 | 85.26 | 286.59 | 371.85 | OK | |
r-devel-linux-x86_64-fedora-clang | 1.1.1 | 634.04 | NOTE | |||
r-devel-linux-x86_64-fedora-gcc | 1.1.1 | 594.33 | NOTE | |||
r-devel-windows-x86_64 | 1.1.1 | 130.00 | 461.00 | 591.00 | OK | |
r-patched-linux-x86_64 | 1.1.1 | 86.78 | 339.40 | 426.18 | OK | |
r-release-linux-x86_64 | 1.1.1 | 82.49 | 332.02 | 414.51 | OK | |
r-release-macos-arm64 | 1.1.1 | 120.00 | NOTE | |||
r-release-macos-x86_64 | 1.1.1 | 171.00 | NOTE | |||
r-release-windows-x86_64 | 1.1.1 | 132.00 | 431.00 | 563.00 | OK | |
r-oldrel-macos-arm64 | 1.1.1 | 120.00 | NOTE | |||
r-oldrel-macos-x86_64 | 1.1.1 | 160.00 | NOTE | |||
r-oldrel-windows-ix86+x86_64 | 1.1.1 | 242.00 | 722.00 | 964.00 | WARN |
Version: 1.1.1
Check: dependencies in R code
Result: NOTE
Namespace in Imports field not imported from: ‘BH’
All declared Imports should be used.
Flavors: r-devel-linux-x86_64-fedora-clang, r-devel-linux-x86_64-fedora-gcc, r-release-macos-arm64, r-release-macos-x86_64, r-oldrel-macos-arm64, r-oldrel-macos-x86_64
Version: 1.1.1
Check: for unstated dependencies in ‘tests’
Result: WARN
Warning: unable to access index for repository https://bioconductor.org/packages/3.14/bioc/src/contrib:
cannot open URL 'https://bioconductor.org/packages/3.14/bioc/src/contrib/PACKAGES'
Warning: unable to access index for repository https://bioconductor.org/packages/3.14/data/annotation/src/contrib:
cannot open URL 'https://bioconductor.org/packages/3.14/data/annotation/src/contrib/PACKAGES'
Warning: unable to access index for repository https://bioconductor.org/packages/3.14/data/experiment/src/contrib:
cannot open URL 'https://bioconductor.org/packages/3.14/data/experiment/src/contrib/PACKAGES'
Flavor: r-oldrel-windows-ix86+x86_64