Last updated on 2023-05-30 14:56:53 CEST.
Flavor | Version | Tinstall | Tcheck | Ttotal | Status | Flags |
---|---|---|---|---|---|---|
r-devel-linux-x86_64-debian-clang | 2.1.7 | 41.93 | 234.42 | 276.35 | NOTE | |
r-devel-linux-x86_64-debian-gcc | 2.1.7 | 39.39 | 173.10 | 212.49 | NOTE | |
r-devel-linux-x86_64-fedora-clang | 2.1.7 | 353.81 | NOTE | |||
r-devel-linux-x86_64-fedora-gcc | 2.1.7 | 391.15 | NOTE | |||
r-devel-windows-x86_64 | 2.1.7 | 42.00 | 196.00 | 238.00 | NOTE | |
r-patched-linux-x86_64 | 2.1.7 | 42.50 | 220.32 | 262.82 | NOTE | |
r-release-linux-x86_64 | 2.1.7 | 43.72 | 220.49 | 264.21 | NOTE | |
r-release-macos-arm64 | 2.1.7 | 108.00 | NOTE | |||
r-release-macos-x86_64 | 2.1.7 | 177.00 | NOTE | |||
r-release-windows-x86_64 | 2.1.7 | 52.00 | 260.00 | 312.00 | NOTE | |
r-oldrel-macos-arm64 | 2.1.7 | 92.00 | NOTE | |||
r-oldrel-macos-x86_64 | 2.1.7 | 166.00 | NOTE | |||
r-oldrel-windows-x86_64 | 2.1.7 | 50.00 | 247.00 | 297.00 | OK |
Version: 2.1.7
Check: C++ specification
Result: NOTE
Specified C++11: please drop specification unless essential
Flavors: r-devel-linux-x86_64-debian-clang, r-devel-linux-x86_64-debian-gcc, r-devel-linux-x86_64-fedora-clang, r-devel-linux-x86_64-fedora-gcc, r-devel-windows-x86_64, r-patched-linux-x86_64, r-release-linux-x86_64, r-release-macos-arm64, r-release-macos-x86_64, r-release-windows-x86_64
Version: 2.1.7
Check: installed package size
Result: NOTE
installed size is 7.8Mb
sub-directories of 1Mb or more:
libs 7.1Mb
Flavors: r-release-macos-arm64, r-release-macos-x86_64, r-oldrel-macos-arm64, r-oldrel-macos-x86_64