Last updated on 2022-05-20 07:49:27 CEST.
Flavor | Version | Tinstall | Tcheck | Ttotal | Status | Flags |
---|---|---|---|---|---|---|
r-devel-linux-x86_64-debian-clang | 2.1.7 | 41.42 | 246.58 | 288.00 | OK | |
r-devel-linux-x86_64-debian-gcc | 2.1.7 | 43.82 | 175.86 | 219.68 | OK | |
r-devel-linux-x86_64-fedora-clang | 2.1.7 | 344.31 | NOTE | |||
r-devel-linux-x86_64-fedora-gcc | 2.1.7 | 352.90 | OK | |||
r-devel-windows-x86_64 | 2.1.7 | 54.00 | 270.00 | 324.00 | OK | |
r-patched-linux-x86_64 | 2.1.7 | 47.33 | 232.69 | 280.02 | OK | |
r-release-linux-x86_64 | 2.1.7 | 44.64 | 227.13 | 271.77 | OK | |
r-release-macos-arm64 | 2.1.7 | 92.00 | NOTE | |||
r-release-macos-x86_64 | 2.1.7 | 166.00 | NOTE | |||
r-release-windows-x86_64 | 2.1.7 | 54.00 | 279.00 | 333.00 | OK | |
r-oldrel-macos-arm64 | 2.1.7 | 129.00 | NOTE | |||
r-oldrel-macos-x86_64 | 2.1.7 | 164.00 | NOTE | |||
r-oldrel-windows-ix86+x86_64 | 2.1.7 | 100.00 | 345.00 | 445.00 | OK |
Version: 2.1.7
Check: installed package size
Result: NOTE
installed size is 5.5Mb
sub-directories of 1Mb or more:
libs 4.7Mb
Flavors: r-devel-linux-x86_64-fedora-clang, r-release-macos-arm64, r-release-macos-x86_64, r-oldrel-macos-arm64, r-oldrel-macos-x86_64