CRAN Package Check Results for Package PPSFS

Last updated on 2023-01-31 23:52:26 CET.

Flavor Version Tinstall Tcheck Ttotal Status Flags
r-devel-linux-x86_64-debian-clang 0.1.0 40.01 69.47 109.48 NOTE
r-devel-linux-x86_64-debian-gcc 0.1.0 26.42 53.21 79.63 NOTE
r-devel-linux-x86_64-fedora-clang 0.1.0 142.94 NOTE
r-devel-linux-x86_64-fedora-gcc 0.1.0 133.11 NOTE
r-devel-windows-x86_64 0.1.0 41.00 112.00 153.00 NOTE
r-patched-linux-x86_64 0.1.0 28.99 67.17 96.16 OK
r-release-linux-x86_64 0.1.0 32.11 67.01 99.12 OK
r-release-macos-arm64 0.1.0 37.00 OK
r-release-macos-x86_64 0.1.0 52.00 OK
r-release-windows-x86_64 0.1.0 37.00 121.00 158.00 OK
r-oldrel-macos-arm64 0.1.0 39.00 OK
r-oldrel-macos-x86_64 0.1.0 50.00 OK
r-oldrel-windows-ix86+x86_64 0.1.0 91.00 125.00 216.00 OK

Check Details

Version: 0.1.0
Check: C++ specification
Result: NOTE
     Specified C++11: please update to current default of C++17
Flavors: r-devel-linux-x86_64-debian-clang, r-devel-linux-x86_64-debian-gcc, r-devel-linux-x86_64-fedora-clang, r-devel-linux-x86_64-fedora-gcc, r-devel-windows-x86_64