CRAN Package Check Results for Package PSLM2015

Last updated on 2022-05-18 07:49:05 CEST.

Flavor Version Tinstall Tcheck Ttotal Status Flags
r-devel-linux-x86_64-debian-clang 0.2.0 9.38 65.36 74.74 OK
r-devel-linux-x86_64-debian-gcc 0.2.0 7.37 48.90 56.27 OK
r-devel-linux-x86_64-fedora-clang 0.2.0 87.51 NOTE
r-devel-linux-x86_64-fedora-gcc 0.2.0 86.39 NOTE
r-devel-windows-x86_64 0.2.0 18.00 81.00 99.00 OK
r-patched-linux-x86_64 0.2.0 10.27 60.92 71.19 OK
r-release-linux-x86_64 0.2.0 6.90 61.19 68.09 OK
r-release-macos-arm64 0.2.0 27.00 NOTE
r-release-macos-x86_64 0.2.0 49.00 NOTE
r-release-windows-x86_64 0.2.0 22.00 78.00 100.00 OK
r-oldrel-macos-arm64 0.2.0 33.00 NOTE
r-oldrel-macos-x86_64 0.2.0 45.00 NOTE
r-oldrel-windows-ix86+x86_64 0.2.0 20.00 74.00 94.00 OK

Check Details

Version: 0.2.0
Check: data for non-ASCII characters
Result: NOTE
     Note: found 26 marked Latin-1 strings
Flavors: r-devel-linux-x86_64-fedora-clang, r-devel-linux-x86_64-fedora-gcc, r-release-macos-arm64, r-release-macos-x86_64, r-oldrel-macos-arm64, r-oldrel-macos-x86_64

Version: 0.2.0
Check: installed package size
Result: NOTE
     installed size is 5.0Mb
     sub-directories of 1Mb or more:
     data 4.9Mb
Flavors: r-release-macos-arm64, r-oldrel-macos-arm64