CRAN Package Check Results for Package PakPC2017

Last updated on 2022-05-18 00:53:19 CEST.

Flavor Version Tinstall Tcheck Ttotal Status Flags
r-devel-linux-x86_64-debian-clang 1.0.0 7.67 67.80 75.47 OK
r-devel-linux-x86_64-debian-gcc 1.0.0 7.20 50.88 58.08 OK
r-devel-linux-x86_64-fedora-clang 1.0.0 89.24 NOTE
r-devel-linux-x86_64-fedora-gcc 1.0.0 87.65 NOTE
r-devel-windows-x86_64 1.0.0 24.00 86.00 110.00 OK
r-patched-linux-x86_64 1.0.0 9.04 62.57 71.61 OK
r-release-linux-x86_64 1.0.0 8.27 62.18 70.45 OK
r-release-macos-arm64 1.0.0 29.00 NOTE
r-release-macos-x86_64 1.0.0 48.00 NOTE
r-release-windows-x86_64 1.0.0 24.00 80.00 104.00 OK
r-oldrel-macos-arm64 1.0.0 34.00 NOTE
r-oldrel-macos-x86_64 1.0.0 46.00 NOTE
r-oldrel-windows-ix86+x86_64 1.0.0 18.00 79.00 97.00 OK

Check Details

Version: 1.0.0
Check: dependencies in R code
Result: NOTE
    Namespace in Imports field not imported from: ‘stats’
     All declared Imports should be used.
Flavors: r-devel-linux-x86_64-fedora-clang, r-devel-linux-x86_64-fedora-gcc, r-release-macos-arm64, r-release-macos-x86_64, r-oldrel-macos-arm64, r-oldrel-macos-x86_64