CRAN Package Check Results for Package PakPMICS2014Wm

Last updated on 2022-05-26 11:52:16 CEST.

Flavor Version Tinstall Tcheck Ttotal Status Flags
r-devel-linux-x86_64-debian-clang 0.1.1 28.34 45.93 74.27 OK
r-devel-linux-x86_64-debian-gcc 0.1.1 25.80 38.93 64.73 OK
r-devel-linux-x86_64-fedora-clang 0.1.1 97.81 NOTE
r-devel-linux-x86_64-fedora-gcc 0.1.1 95.87 NOTE
r-devel-windows-x86_64 0.1.1 48.00 65.00 113.00 OK
r-patched-linux-x86_64 0.1.1 27.91 43.17 71.08 OK
r-release-linux-x86_64 0.1.1 OK
r-release-macos-arm64 0.1.1 40.00 NOTE
r-release-macos-x86_64 0.1.1 46.00 NOTE
r-release-windows-x86_64 0.1.1 45.00 68.00 113.00 OK
r-oldrel-macos-arm64 0.1.1 48.00 NOTE
r-oldrel-macos-x86_64 0.1.1 61.00 NOTE
r-oldrel-windows-ix86+x86_64 0.1.1 42.00 56.00 98.00 OK

Check Details

Version: 0.1.1
Check: dependencies in R code
Result: NOTE
    Namespace in Imports field not imported from: ‘stats’
     All declared Imports should be used.
Flavors: r-devel-linux-x86_64-fedora-clang, r-devel-linux-x86_64-fedora-gcc, r-release-macos-arm64, r-release-macos-x86_64, r-oldrel-macos-arm64, r-oldrel-macos-x86_64