CRAN Package Check Results for Package PakPMICS2018

Last updated on 2022-05-24 12:52:48 CEST.

Flavor Version Tinstall Tcheck Ttotal Status Flags
r-devel-linux-x86_64-debian-clang 1.0.0 4.30 63.57 67.87 NOTE
r-devel-linux-x86_64-debian-gcc 1.0.0 3.55 48.37 51.92 NOTE
r-devel-linux-x86_64-fedora-clang 1.0.0 81.88 NOTE
r-devel-linux-x86_64-fedora-gcc 1.0.0 80.14 NOTE
r-devel-windows-x86_64 1.0.0 33.00 79.00 112.00 NOTE
r-patched-linux-x86_64 1.0.0 5.22 61.63 66.85 NOTE
r-release-linux-x86_64 1.0.0 NOTE
r-release-macos-arm64 1.0.0 25.00 NOTE
r-release-macos-x86_64 1.0.0 38.00 NOTE
r-release-windows-x86_64 1.0.0 43.00 76.00 119.00 NOTE
r-oldrel-macos-arm64 1.0.0 30.00 NOTE
r-oldrel-macos-x86_64 1.0.0 40.00 NOTE
r-oldrel-windows-ix86+x86_64 1.0.0 11.00 74.00 85.00 NOTE

Check Details

Version: 1.0.0
Check: LazyData
Result: NOTE
     'LazyData' is specified without a 'data' directory
Flavors: r-devel-linux-x86_64-debian-clang, r-devel-linux-x86_64-debian-gcc, r-devel-linux-x86_64-fedora-clang, r-devel-linux-x86_64-fedora-gcc, r-devel-windows-x86_64, r-patched-linux-x86_64, r-release-linux-x86_64, r-release-macos-arm64, r-release-macos-x86_64, r-release-windows-x86_64, r-oldrel-macos-arm64, r-oldrel-macos-x86_64, r-oldrel-windows-ix86+x86_64