CRAN Package Check Results for Package PakPMICS2018hh

Last updated on 2024-05-24 06:04:49 CEST.

Flavor Version Tinstall Tcheck Ttotal Status Flags
r-devel-linux-x86_64-debian-clang 0.1.0 10.28 48.87 59.15 NOTE
r-devel-linux-x86_64-debian-gcc 0.1.0 8.03 37.33 45.36 NOTE
r-devel-linux-x86_64-fedora-clang 0.1.0 75.22 NOTE
r-devel-linux-x86_64-fedora-gcc 0.1.0 83.10 NOTE
r-devel-windows-x86_64 0.1.0 10.00 59.00 69.00 NOTE
r-patched-linux-x86_64 0.1.0 9.22 48.25 57.47 NOTE
r-release-linux-x86_64 0.1.0 8.47 46.07 54.54 NOTE
r-release-macos-arm64 0.1.0 32.00 NOTE
r-release-windows-x86_64 0.1.0 10.00 66.00 76.00 NOTE
r-oldrel-macos-arm64 0.1.0 34.00 OK
r-oldrel-macos-x86_64 0.1.0 50.00 NOTE
r-oldrel-windows-x86_64 0.1.0 13.00 62.00 75.00 OK

Check Details

Version: 0.1.0
Check: Rd files
Result: NOTE checkRd: (-1) PakPMICS2018hh.Rd:362: Lost braces in \enumerate; meant \describe ? checkRd: (-1) PakPMICS2018hh.Rd:363: Lost braces in \enumerate; meant \describe ? Flavors: r-devel-linux-x86_64-debian-clang, r-devel-linux-x86_64-debian-gcc, r-devel-linux-x86_64-fedora-clang, r-devel-linux-x86_64-fedora-gcc, r-devel-windows-x86_64, r-patched-linux-x86_64, r-release-linux-x86_64, r-release-macos-arm64, r-release-windows-x86_64

Version: 0.1.0
Check: installed package size
Result: NOTE installed size is 5.7Mb sub-directories of 1Mb or more: data 5.1Mb Flavors: r-release-macos-arm64, r-oldrel-macos-x86_64