Last updated on 2022-05-24 07:52:28 CEST.
Flavor | Version | Tinstall | Tcheck | Ttotal | Status | Flags |
---|---|---|---|---|---|---|
r-devel-linux-x86_64-debian-clang | 2.0.0 | 63.92 | 526.75 | 590.67 | WARN | |
r-devel-linux-x86_64-debian-gcc | 2.0.0 | 50.48 | 363.48 | 413.96 | OK | |
r-devel-linux-x86_64-fedora-clang | 2.0.0 | 689.86 | WARN | |||
r-devel-linux-x86_64-fedora-gcc | 2.0.0 | 631.52 | OK | |||
r-devel-windows-x86_64 | 2.0.0 | 84.00 | 506.00 | 590.00 | OK | |
r-patched-linux-x86_64 | 2.0.0 | 56.29 | 463.53 | 519.82 | OK | |
r-release-linux-x86_64 | 2.0.0 | OK | ||||
r-release-macos-arm64 | 2.0.0 | 164.00 | OK | |||
r-release-macos-x86_64 | 2.0.0 | 308.00 | OK | |||
r-release-windows-x86_64 | 2.0.0 | 77.00 | 486.00 | 563.00 | OK | |
r-oldrel-macos-arm64 | 2.0.0 | 225.00 | OK | |||
r-oldrel-macos-x86_64 | 2.0.0 | 216.00 | OK | |||
r-oldrel-windows-ix86+x86_64 | 2.0.0 | 155.00 | 825.00 | 980.00 | OK |
Version: 2.0.0
Check: whether package can be installed
Result: WARN
Found the following significant warnings:
matched_set_helpers.cpp:23:10: warning: use of bitwise '&' with boolean operands [-Wbitwise-instead-of-logical]
matched_set_helpers.cpp:28:12: warning: use of bitwise '&' with boolean operands [-Wbitwise-instead-of-logical]
matched_set_helpers.cpp:65:11: warning: use of bitwise '&' with boolean operands [-Wbitwise-instead-of-logical]
matched_set_helpers.cpp:128:14: warning: use of bitwise '&' with boolean operands [-Wbitwise-instead-of-logical]
matched_set_helpers.cpp:220:16: warning: use of bitwise '&' with boolean operands [-Wbitwise-instead-of-logical]
Flavors: r-devel-linux-x86_64-debian-clang, r-devel-linux-x86_64-fedora-clang