CRAN Package Check Results for Package PantaRhei

Last updated on 2022-05-19 11:54:25 CEST.

Flavor Version Tinstall Tcheck Ttotal Status Flags
r-devel-linux-x86_64-debian-clang 0.1.2 4.60 54.13 58.73 OK
r-devel-linux-x86_64-debian-gcc 0.1.2 3.63 40.04 43.67 OK
r-devel-linux-x86_64-fedora-clang 0.1.2 67.62 NOTE
r-devel-linux-x86_64-fedora-gcc 0.1.2 66.16 NOTE
r-devel-windows-x86_64 0.1.2 21.00 66.00 87.00 OK
r-patched-linux-x86_64 0.1.2 3.74 50.17 53.91 OK
r-release-linux-x86_64 0.1.2 3.66 49.75 53.41 OK
r-release-macos-arm64 0.1.2 23.00 NOTE
r-release-macos-x86_64 0.1.2 30.00 NOTE
r-release-windows-x86_64 0.1.2 22.00 68.00 90.00 OK
r-oldrel-macos-arm64 0.1.2 32.00 NOTE
r-oldrel-macos-x86_64 0.1.2 36.00 NOTE
r-oldrel-windows-ix86+x86_64 0.1.2 9.00 64.00 73.00 OK

Check Details

Version: 0.1.2
Check: dependencies in R code
Result: NOTE
    Namespace in Imports field not imported from: ‘utils’
     All declared Imports should be used.
Flavors: r-devel-linux-x86_64-fedora-clang, r-devel-linux-x86_64-fedora-gcc, r-release-macos-arm64, r-release-macos-x86_64, r-oldrel-macos-arm64, r-oldrel-macos-x86_64