Last updated on 2022-05-17 21:50:53 CEST.
Flavor | Version | Tinstall | Tcheck | Ttotal | Status | Flags |
---|---|---|---|---|---|---|
r-devel-linux-x86_64-debian-clang | 1.1 | 12.31 | 104.84 | 117.15 | NOTE | |
r-devel-linux-x86_64-debian-gcc | 1.1 | 9.21 | 77.19 | 86.40 | NOTE | |
r-devel-linux-x86_64-fedora-clang | 1.1 | 136.72 | NOTE | |||
r-devel-linux-x86_64-fedora-gcc | 1.1 | 130.30 | NOTE | |||
r-devel-windows-x86_64 | 1.1 | 43.00 | 128.00 | 171.00 | NOTE | |
r-patched-linux-x86_64 | 1.1 | 14.66 | 95.96 | 110.62 | OK | |
r-release-linux-x86_64 | 1.1 | 11.76 | 94.91 | 106.67 | OK | |
r-release-macos-arm64 | 1.1 | 35.00 | OK | |||
r-release-macos-x86_64 | 1.1 | 65.00 | OK | |||
r-release-windows-x86_64 | 1.1 | 43.00 | 126.00 | 169.00 | OK | |
r-oldrel-macos-arm64 | 1.1 | 47.00 | OK | |||
r-oldrel-macos-x86_64 | 1.1 | 50.00 | OK | |||
r-oldrel-windows-ix86+x86_64 | 1.1 | 28.00 | 115.00 | 143.00 | OK |
Version: 1.1
Check: Rd files
Result: NOTE
checkRd: (7) SpecialMatch.Rd:17: \item in \value must have non-empty label
Flavors: r-devel-linux-x86_64-debian-clang, r-devel-linux-x86_64-debian-gcc, r-devel-linux-x86_64-fedora-clang, r-devel-linux-x86_64-fedora-gcc, r-devel-windows-x86_64
Version: 1.1
Check: HTML version of manual
Result: NOTE
Found the following problems:
SpecialMatch.Rd:56:38: Warning: trimming empty <code>
Flavors: r-devel-linux-x86_64-debian-clang, r-devel-linux-x86_64-debian-gcc