CRAN Package Check Results for Package Peptides

Last updated on 2022-05-24 12:52:48 CEST.

Flavor Version Tinstall Tcheck Ttotal Status Flags
r-devel-linux-x86_64-debian-clang 2.4.4 17.16 47.75 64.91 OK
r-devel-linux-x86_64-debian-gcc 2.4.4 13.48 36.65 50.13 OK
r-devel-linux-x86_64-fedora-clang 2.4.4 87.15 OK
r-devel-linux-x86_64-fedora-gcc 2.4.4 80.14 OK
r-devel-windows-x86_64 2.4.4 56.00 85.00 141.00 OK
r-patched-linux-x86_64 2.4.4 16.05 46.05 62.10 OK
r-release-linux-x86_64 2.4.4 OK
r-release-macos-arm64 2.4.4 29.00 OK
r-release-macos-x86_64 2.4.4 38.00 OK
r-release-windows-x86_64 2.4.4 56.00 88.00 144.00 OK
r-oldrel-macos-arm64 2.4.4 33.00 OK
r-oldrel-macos-x86_64 2.4.4 54.00 OK
r-oldrel-windows-ix86+x86_64 2.4.4 50.00 85.00 135.00 NOTE

Check Details

Version: 2.4.4
Check: installed package size
Result: NOTE
     installed size is 5.5Mb
     sub-directories of 1Mb or more:
     libs 2.0Mb
     xvg-files 3.2Mb
Flavor: r-oldrel-windows-ix86+x86_64