Last updated on 2022-05-20 05:54:35 CEST.
Flavor | Version | Tinstall | Tcheck | Ttotal | Status | Flags |
---|---|---|---|---|---|---|
r-devel-linux-x86_64-debian-clang | 2.0.4 | 25.05 | 369.87 | 394.92 | OK | |
r-devel-linux-x86_64-debian-gcc | 2.0.4 | 21.20 | 270.00 | 291.20 | OK | |
r-devel-linux-x86_64-fedora-clang | 2.0.4 | 476.00 | NOTE | |||
r-devel-linux-x86_64-fedora-gcc | 2.0.4 | 502.34 | OK | |||
r-devel-windows-x86_64 | 2.0.4 | 806.00 | 270.00 | 1076.00 | OK | --no-vignettes |
r-patched-linux-x86_64 | 2.0.4 | 27.68 | 347.50 | 375.18 | OK | |
r-release-linux-x86_64 | 2.0.4 | 21.53 | 347.50 | 369.03 | OK | |
r-release-macos-arm64 | 2.0.4 | 147.00 | OK | |||
r-release-macos-x86_64 | 2.0.4 | 214.00 | OK | |||
r-release-windows-x86_64 | 2.0.4 | 751.00 | 270.00 | 1021.00 | OK | --no-vignettes |
r-oldrel-macos-arm64 | 2.0.4 | 186.00 | OK | |||
r-oldrel-macos-x86_64 | 2.0.4 | 342.00 | OK | |||
r-oldrel-windows-ix86+x86_64 | 2.0.4 | 49.00 | 370.00 | 419.00 | OK | --no-vignettes |
Version: 2.0.4
Check: Rd cross-references
Result: NOTE
Undeclared packages ‘timeSeries’, ‘tseries’, ‘car’, ‘gplots’ in Rd xrefs
Flavor: r-devel-linux-x86_64-fedora-clang