Last updated on 2023-01-28 15:50:35 CET.
Flavor | Version | Tinstall | Tcheck | Ttotal | Status | Flags |
---|---|---|---|---|---|---|
r-devel-linux-x86_64-debian-clang | 2.1 | 52.39 | 82.66 | 135.05 | NOTE | |
r-devel-linux-x86_64-debian-gcc | 2.1 | 38.70 | 63.14 | 101.84 | NOTE | |
r-devel-linux-x86_64-fedora-clang | 2.1 | 176.76 | NOTE | |||
r-devel-linux-x86_64-fedora-gcc | 2.1 | 174.14 | NOTE | |||
r-devel-windows-x86_64 | 2.1 | 49.00 | 130.00 | 179.00 | NOTE | |
r-patched-linux-x86_64 | 2.1 | 45.42 | 79.63 | 125.05 | NOTE | |
r-release-linux-x86_64 | 2.1 | 39.48 | 78.68 | 118.16 | NOTE | |
r-release-macos-arm64 | 2.1 | 45.00 | NOTE | |||
r-release-macos-x86_64 | 2.1 | 62.00 | NOTE | |||
r-release-windows-x86_64 | 2.1 | 183.00 | 131.00 | 314.00 | NOTE | |
r-oldrel-macos-arm64 | 2.1 | 53.00 | NOTE | |||
r-oldrel-macos-x86_64 | 2.1 | 80.00 | NOTE | |||
r-oldrel-windows-ix86+x86_64 | 2.1 | 109.00 | 162.00 | 271.00 | NOTE |
Version: 2.1
Check: LazyData
Result: NOTE
'LazyData' is specified without a 'data' directory
Flavors: r-devel-linux-x86_64-debian-clang, r-devel-linux-x86_64-debian-gcc, r-devel-linux-x86_64-fedora-clang, r-devel-linux-x86_64-fedora-gcc, r-devel-windows-x86_64, r-patched-linux-x86_64, r-release-linux-x86_64, r-release-macos-arm64, r-release-macos-x86_64, r-release-windows-x86_64, r-oldrel-macos-arm64, r-oldrel-macos-x86_64, r-oldrel-windows-ix86+x86_64