CRAN Package Check Results for Package PoA

Last updated on 2022-05-17 04:50:39 CEST.

Flavor Version Tinstall Tcheck Ttotal Status Flags
r-devel-linux-x86_64-debian-clang 1.2.1 5.45 57.15 62.60 NOTE
r-devel-linux-x86_64-debian-gcc 1.2.1 2.71 42.35 45.06 NOTE
r-devel-linux-x86_64-fedora-clang 1.2.1 75.03 NOTE
r-devel-linux-x86_64-fedora-gcc 1.2.1 69.54 NOTE
r-devel-windows-x86_64 1.2.1 9.00 71.00 80.00 NOTE
r-patched-linux-x86_64 1.2.1 4.28 53.91 58.19 NOTE
r-release-linux-x86_64 1.2.1 3.95 53.74 57.69 NOTE
r-release-macos-arm64 1.2.1 21.00 NOTE
r-release-macos-x86_64 1.2.1 37.00 NOTE
r-release-windows-x86_64 1.2.1 9.00 68.00 77.00 NOTE
r-oldrel-macos-arm64 1.2.1 27.00 NOTE
r-oldrel-macos-x86_64 1.2.1 38.00 NOTE
r-oldrel-windows-ix86+x86_64 1.2.1 15.00 66.00 81.00 NOTE

Check Details

Version: 1.2.1
Check: LazyData
Result: NOTE
     'LazyData' is specified without a 'data' directory
Flavors: r-devel-linux-x86_64-debian-clang, r-devel-linux-x86_64-debian-gcc, r-devel-linux-x86_64-fedora-clang, r-devel-linux-x86_64-fedora-gcc, r-devel-windows-x86_64, r-patched-linux-x86_64, r-release-linux-x86_64, r-release-macos-arm64, r-release-macos-x86_64, r-release-windows-x86_64, r-oldrel-macos-arm64, r-oldrel-macos-x86_64, r-oldrel-windows-ix86+x86_64