CRAN Package Check Results for Package PoDBAY

Last updated on 2022-05-22 06:52:07 CEST.

Flavor Version Tinstall Tcheck Ttotal Status Flags
r-devel-linux-x86_64-debian-clang 1.4.3 22.06 155.72 177.78 OK
r-devel-linux-x86_64-debian-gcc 1.4.3 16.99 112.57 129.56 OK
r-devel-linux-x86_64-fedora-clang 1.4.3 216.40 NOTE
r-devel-linux-x86_64-fedora-gcc 1.4.3 206.98 NOTE
r-devel-windows-x86_64 1.4.3 54.00 245.00 299.00 OK
r-patched-linux-x86_64 1.4.3 20.17 145.38 165.55 OK
r-release-linux-x86_64 1.4.3 23.07 145.71 168.78 OK
r-release-macos-arm64 1.4.3 64.00 NOTE
r-release-macos-x86_64 1.4.3 116.00 NOTE
r-release-windows-x86_64 1.4.3 51.00 240.00 291.00 OK
r-oldrel-macos-arm64 1.4.3 60.00 NOTE
r-oldrel-macos-x86_64 1.4.3 81.00 NOTE
r-oldrel-windows-ix86+x86_64 1.4.3 64.00 257.00 321.00 OK

Check Details

Version: 1.4.3
Check: dependencies in R code
Result: NOTE
    Namespace in Imports field not imported from: ‘dplyr’
     All declared Imports should be used.
Flavors: r-devel-linux-x86_64-fedora-clang, r-devel-linux-x86_64-fedora-gcc, r-release-macos-arm64, r-release-macos-x86_64, r-oldrel-macos-arm64, r-oldrel-macos-x86_64