Last updated on 2023-02-02 18:54:36 CET.
Flavor | Version | Tinstall | Tcheck | Ttotal | Status | Flags |
---|---|---|---|---|---|---|
r-devel-linux-x86_64-debian-clang | 1.2.0 | 43.28 | 432.74 | 476.02 | NOTE | |
r-devel-linux-x86_64-debian-gcc | 1.2.0 | 40.40 | 314.36 | 354.76 | NOTE | |
r-devel-linux-x86_64-fedora-clang | 1.2.0 | 592.97 | OK | |||
r-devel-linux-x86_64-fedora-gcc | 1.2.0 | 665.51 | OK | |||
r-devel-windows-x86_64 | 1.2.0 | 89.00 | 434.00 | 523.00 | NOTE | |
r-patched-linux-x86_64 | 1.2.0 | 44.41 | 413.95 | 458.36 | NOTE | |
r-release-linux-x86_64 | 1.2.0 | 39.77 | 415.17 | 454.94 | NOTE | |
r-release-macos-arm64 | 1.2.0 | 122.00 | NOTE | |||
r-release-macos-x86_64 | 1.2.0 | 185.00 | NOTE | |||
r-release-windows-x86_64 | 1.2.0 | 76.00 | 436.00 | 512.00 | NOTE | |
r-oldrel-macos-arm64 | 1.2.0 | 113.00 | NOTE | |||
r-oldrel-macos-x86_64 | 1.2.0 | 189.00 | NOTE | |||
r-oldrel-windows-ix86+x86_64 | 1.2.0 | 95.00 | 410.00 | 505.00 | OK |
Version: 1.2.0
Check: package dependencies
Result: NOTE
Package suggested but not available for checking: ‘INLA’
Flavors: r-devel-linux-x86_64-debian-clang, r-devel-linux-x86_64-debian-gcc, r-devel-windows-x86_64, r-patched-linux-x86_64, r-release-linux-x86_64, r-release-macos-arm64, r-release-macos-x86_64, r-release-windows-x86_64, r-oldrel-macos-arm64, r-oldrel-macos-x86_64
Version: 1.2.0
Check: Rd cross-references
Result: NOTE
Package unavailable to check Rd xrefs: ‘INLA’
Flavors: r-devel-linux-x86_64-debian-clang, r-devel-linux-x86_64-debian-gcc, r-devel-windows-x86_64, r-patched-linux-x86_64, r-release-linux-x86_64, r-release-macos-arm64, r-release-macos-x86_64, r-release-windows-x86_64, r-oldrel-macos-arm64, r-oldrel-macos-x86_64