Last updated on 2022-06-27 09:50:22 CEST.
Flavor | Version | Tinstall | Tcheck | Ttotal | Status | Flags |
---|---|---|---|---|---|---|
r-devel-linux-x86_64-debian-clang | 2.7.5 | 73.01 | 163.81 | 236.82 | NOTE | |
r-devel-linux-x86_64-debian-gcc | 2.7.5 | 54.79 | 121.08 | 175.87 | NOTE | |
r-devel-linux-x86_64-fedora-clang | 2.7.5 | 307.75 | NOTE | |||
r-devel-linux-x86_64-fedora-gcc | 2.7.5 | 293.48 | NOTE | |||
r-devel-windows-x86_64 | 2.7.5 | 345.00 | 239.00 | 584.00 | NOTE | |
r-patched-linux-x86_64 | 2.7.5 | 66.58 | 154.41 | 220.99 | NOTE | |
r-release-linux-x86_64 | 2.7.5 | 59.61 | 156.74 | 216.35 | NOTE | |
r-release-macos-arm64 | 2.7.5 | 79.00 | NOTE | |||
r-release-macos-x86_64 | 2.7.5 | 101.00 | NOTE | |||
r-release-windows-x86_64 | 2.7.5 | 331.00 | 232.00 | 563.00 | NOTE | |
r-oldrel-macos-arm64 | 2.7.5 | 95.00 | NOTE | |||
r-oldrel-macos-x86_64 | 2.7.5 | 158.00 | NOTE | |||
r-oldrel-windows-ix86+x86_64 | 2.7.5 | 223.00 | 209.00 | 432.00 | NOTE |
Version: 2.7.5
Check: package dependencies
Result: NOTE
Package suggested but not available for checking: 'WhopGenome'
Flavors: r-devel-linux-x86_64-debian-clang, r-devel-linux-x86_64-debian-gcc, r-devel-linux-x86_64-fedora-clang, r-devel-linux-x86_64-fedora-gcc, r-devel-windows-x86_64, r-patched-linux-x86_64, r-release-linux-x86_64, r-release-macos-arm64, r-release-macos-x86_64, r-release-windows-x86_64, r-oldrel-macos-arm64, r-oldrel-macos-x86_64
Version: 2.7.5
Check: Rd files
Result: NOTE
checkRd: (-1) BayeScanR.Rd:7: Escaped LaTeX specials: \&
checkRd: (-1) MKT-methods.Rd:8: Escaped LaTeX specials: \&
Flavors: r-devel-linux-x86_64-debian-clang, r-devel-linux-x86_64-debian-gcc, r-devel-linux-x86_64-fedora-clang, r-devel-linux-x86_64-fedora-gcc, r-devel-windows-x86_64
Version: 2.7.5
Check: installed package size
Result: NOTE
installed size is 5.3Mb
sub-directories of 1Mb or more:
R 1.6Mb
doc 1.1Mb
libs 2.3Mb
Flavor: r-oldrel-windows-ix86+x86_64