Last updated on 2022-05-26 06:55:48 CEST.
Flavor | Version | Tinstall | Tcheck | Ttotal | Status | Flags |
---|---|---|---|---|---|---|
r-devel-linux-x86_64-debian-clang | 1.5.4 | 52.22 | 389.61 | 441.83 | NOTE | |
r-devel-linux-x86_64-debian-gcc | 1.5.4 | 47.10 | 306.80 | 353.90 | NOTE | |
r-devel-linux-x86_64-fedora-clang | 1.5.4 | 515.65 | NOTE | |||
r-devel-linux-x86_64-fedora-gcc | 1.5.4 | 511.81 | NOTE | |||
r-devel-windows-x86_64 | 1.5.4 | 87.00 | 336.00 | 423.00 | NOTE | |
r-patched-linux-x86_64 | 1.5.4 | 54.80 | 369.23 | 424.03 | NOTE | |
r-release-linux-x86_64 | 1.5.4 | NOTE | ||||
r-release-macos-arm64 | 1.5.4 | 100.00 | NOTE | |||
r-release-macos-x86_64 | 1.5.4 | 185.00 | NOTE | |||
r-release-windows-x86_64 | 1.5.4 | 70.00 | 351.00 | 421.00 | NOTE | |
r-oldrel-macos-arm64 | 1.5.4 | 109.00 | NOTE | |||
r-oldrel-macos-x86_64 | 1.5.4 | 95.00 | NOTE | |||
r-oldrel-windows-ix86+x86_64 | 1.5.4 | 99.00 | 355.00 | 454.00 | OK |
Version: 1.5.4
Check: package dependencies
Result: NOTE
Packages suggested but not available for checking: 'geoR', 'INLA'
Flavors: r-devel-linux-x86_64-debian-clang, r-devel-linux-x86_64-debian-gcc, r-patched-linux-x86_64, r-release-linux-x86_64
Version: 1.5.4
Check: package dependencies
Result: NOTE
Package suggested but not available for checking: ‘geoR’
Flavors: r-devel-linux-x86_64-fedora-clang, r-devel-linux-x86_64-fedora-gcc
Version: 1.5.4
Check: package dependencies
Result: NOTE
Package suggested but not available for checking: 'INLA'
Flavors: r-devel-windows-x86_64, r-release-macos-arm64, r-release-macos-x86_64, r-release-windows-x86_64, r-oldrel-macos-arm64, r-oldrel-macos-x86_64