CRAN Package Check Results for Package PriorGen

Last updated on 2022-05-24 10:51:11 CEST.

Flavor Version Tinstall Tcheck Ttotal Status Flags
r-devel-linux-x86_64-debian-clang 1.1.2 1.79 30.83 32.62 NOTE
r-devel-linux-x86_64-debian-gcc 1.1.2 1.78 23.75 25.53 NOTE
r-devel-linux-x86_64-fedora-clang 1.1.2 39.69 NOTE
r-devel-linux-x86_64-fedora-gcc 1.1.2 38.58 NOTE
r-devel-windows-x86_64 1.1.2 9.00 46.00 55.00 NOTE
r-patched-linux-x86_64 1.1.2 2.55 29.74 32.29 NOTE
r-release-linux-x86_64 1.1.2 NOTE
r-release-macos-arm64 1.1.2 15.00 NOTE
r-release-macos-x86_64 1.1.2 19.00 NOTE
r-release-windows-x86_64 1.1.2 5.00 44.00 49.00 NOTE
r-oldrel-macos-arm64 1.1.2 18.00 NOTE
r-oldrel-macos-x86_64 1.1.2 24.00 NOTE
r-oldrel-windows-ix86+x86_64 1.1.2 4.00 35.00 39.00 NOTE

Check Details

Version: 1.1.2
Check: LazyData
Result: NOTE
     'LazyData' is specified without a 'data' directory
Flavors: r-devel-linux-x86_64-debian-clang, r-devel-linux-x86_64-debian-gcc, r-devel-linux-x86_64-fedora-clang, r-devel-linux-x86_64-fedora-gcc, r-devel-windows-x86_64, r-patched-linux-x86_64, r-release-linux-x86_64, r-release-macos-arm64, r-release-macos-x86_64, r-release-windows-x86_64, r-oldrel-macos-arm64, r-oldrel-macos-x86_64, r-oldrel-windows-ix86+x86_64