Last updated on 2022-05-19 03:56:04 CEST.
Flavor | Version | Tinstall | Tcheck | Ttotal | Status | Flags |
---|---|---|---|---|---|---|
r-devel-linux-x86_64-debian-clang | 1.3.3 | 69.75 | 114.63 | 184.38 | OK | |
r-devel-linux-x86_64-debian-gcc | 1.3.3 | 57.42 | 84.41 | 141.83 | OK | |
r-devel-linux-x86_64-fedora-clang | 1.3.3 | 246.08 | NOTE | |||
r-devel-linux-x86_64-fedora-gcc | 1.3.3 | 192.37 | OK | |||
r-devel-windows-x86_64 | 1.3.3 | 154.00 | 185.00 | 339.00 | NOTE | |
r-patched-linux-x86_64 | 1.3.3 | 64.23 | 105.88 | 170.11 | OK | |
r-release-linux-x86_64 | 1.3.3 | 61.90 | 109.03 | 170.93 | OK | |
r-release-macos-arm64 | 1.3.3 | 61.00 | NOTE | |||
r-release-macos-x86_64 | 1.3.3 | 96.00 | NOTE | |||
r-release-windows-x86_64 | 1.3.3 | 125.00 | 188.00 | 313.00 | NOTE | |
r-oldrel-macos-arm64 | 1.3.3 | 115.00 | NOTE | |||
r-oldrel-macos-x86_64 | 1.3.3 | 139.00 | NOTE | |||
r-oldrel-windows-ix86+x86_64 | 1.3.3 | 108.00 | 195.00 | 303.00 | NOTE |
Version: 1.3.3
Check: installed package size
Result: NOTE
installed size is 12.3Mb
sub-directories of 1Mb or more:
extdata 7.4Mb
libs 3.8Mb
Flavors: r-devel-linux-x86_64-fedora-clang, r-devel-windows-x86_64, r-release-macos-arm64, r-release-macos-x86_64, r-release-windows-x86_64, r-oldrel-macos-arm64, r-oldrel-macos-x86_64, r-oldrel-windows-ix86+x86_64