Last updated on 2022-05-18 19:52:10 CEST.
Flavor | Version | Tinstall | Tcheck | Ttotal | Status | Flags |
---|---|---|---|---|---|---|
r-devel-linux-x86_64-debian-clang | 1.1 | 100.78 | 80.03 | 180.81 | OK | |
r-devel-linux-x86_64-debian-gcc | 1.1 | 85.66 | 63.53 | 149.19 | OK | |
r-devel-linux-x86_64-fedora-clang | 1.1 | 246.02 | NOTE | |||
r-devel-linux-x86_64-fedora-gcc | 1.1 | 234.59 | OK | |||
r-devel-windows-x86_64 | 1.1 | 86.00 | 118.00 | 204.00 | OK | |
r-patched-linux-x86_64 | 1.1 | 88.12 | 78.42 | 166.54 | OK | |
r-release-linux-x86_64 | 1.1 | 84.12 | 79.41 | 163.53 | OK | |
r-release-macos-arm64 | 1.1 | 63.00 | NOTE | |||
r-release-macos-x86_64 | 1.1 | 82.00 | NOTE | |||
r-release-windows-x86_64 | 1.1 | 79.00 | 118.00 | 197.00 | OK | |
r-oldrel-macos-arm64 | 1.1 | 73.00 | NOTE | |||
r-oldrel-macos-x86_64 | 1.1 | 78.00 | NOTE | |||
r-oldrel-windows-ix86+x86_64 | 1.1 | 177.00 | 133.00 | 310.00 | OK |
Version: 1.1
Check: installed package size
Result: NOTE
installed size is 17.6Mb
sub-directories of 1Mb or more:
libs 17.3Mb
Flavors: r-devel-linux-x86_64-fedora-clang, r-release-macos-arm64, r-release-macos-x86_64, r-oldrel-macos-arm64, r-oldrel-macos-x86_64