CRAN Package Check Results for Package QCSimulator

Last updated on 2022-05-17 21:50:55 CEST.

Flavor Version Tinstall Tcheck Ttotal Status Flags
r-devel-linux-x86_64-debian-clang 0.0.1 6.48 71.15 77.63 NOTE
r-devel-linux-x86_64-debian-gcc 0.0.1 4.87 52.37 57.24 NOTE
r-devel-linux-x86_64-fedora-clang 0.0.1 91.52 NOTE
r-devel-linux-x86_64-fedora-gcc 0.0.1 87.34 NOTE
r-devel-windows-x86_64 0.0.1 66.00 90.00 156.00 NOTE
r-patched-linux-x86_64 0.0.1 6.32 65.82 72.14 NOTE
r-release-linux-x86_64 0.0.1 6.59 65.25 71.84 NOTE
r-release-macos-arm64 0.0.1 29.00 NOTE
r-release-macos-x86_64 0.0.1 49.00 NOTE
r-release-windows-x86_64 0.0.1 65.00 92.00 157.00 NOTE
r-oldrel-macos-arm64 0.0.1 32.00 NOTE
r-oldrel-macos-x86_64 0.0.1 39.00 NOTE
r-oldrel-windows-ix86+x86_64 0.0.1 17.00 83.00 100.00 NOTE

Check Details

Version: 0.0.1
Check: LazyData
Result: NOTE
     'LazyData' is specified without a 'data' directory
Flavors: r-devel-linux-x86_64-debian-clang, r-devel-linux-x86_64-debian-gcc, r-devel-linux-x86_64-fedora-clang, r-devel-linux-x86_64-fedora-gcc, r-devel-windows-x86_64, r-patched-linux-x86_64, r-release-linux-x86_64, r-release-macos-arm64, r-release-macos-x86_64, r-release-windows-x86_64, r-oldrel-macos-arm64, r-oldrel-macos-x86_64, r-oldrel-windows-ix86+x86_64