CRAN Package Check Results for Package QCSimulator

Last updated on 2024-05-21 05:00:57 CEST.

Flavor Version Tinstall Tcheck Ttotal Status Flags
r-devel-linux-x86_64-debian-clang 0.0.1 6.66 59.45 66.11 NOTE
r-devel-linux-x86_64-debian-gcc 0.0.1 4.98 43.92 48.90 NOTE
r-devel-linux-x86_64-fedora-clang 0.0.1 84.57 NOTE
r-devel-linux-x86_64-fedora-gcc 0.0.1 75.86 NOTE
r-devel-windows-x86_64 0.0.1 8.00 74.00 82.00 NOTE
r-patched-linux-x86_64 0.0.1 7.42 56.39 63.81 NOTE
r-release-linux-x86_64 0.0.1 5.76 55.79 61.55 NOTE
r-release-macos-arm64 0.0.1 27.00 NOTE
r-release-windows-x86_64 0.0.1 8.00 74.00 82.00 NOTE
r-oldrel-macos-arm64 0.0.1 30.00 NOTE
r-oldrel-macos-x86_64 0.0.1 42.00 NOTE
r-oldrel-windows-x86_64 0.0.1 10.00 82.00 92.00 NOTE

Check Details

Version: 0.0.1
Check: LazyData
Result: NOTE 'LazyData' is specified without a 'data' directory Flavors: r-devel-linux-x86_64-debian-clang, r-devel-linux-x86_64-debian-gcc, r-devel-linux-x86_64-fedora-clang, r-devel-linux-x86_64-fedora-gcc, r-devel-windows-x86_64, r-patched-linux-x86_64, r-release-linux-x86_64, r-release-macos-arm64, r-release-windows-x86_64, r-oldrel-macos-arm64, r-oldrel-macos-x86_64, r-oldrel-windows-x86_64