CRAN Package Check Results for Package QDiabetes

Last updated on 2022-06-28 13:50:06 CEST.

Flavor Version Tinstall Tcheck Ttotal Status Flags
r-devel-linux-x86_64-debian-clang 1.0-2 54.08 127.55 181.63 OK
r-devel-linux-x86_64-debian-gcc 1.0-2 48.60 100.56 149.16 OK
r-devel-linux-x86_64-fedora-clang 1.0-2 238.45 OK
r-devel-linux-x86_64-fedora-gcc 1.0-2 241.51 OK
r-devel-windows-x86_64 1.0-2 64.00 152.00 216.00 OK
r-patched-linux-x86_64 1.0-2 50.15 125.38 175.53 OK
r-release-linux-x86_64 1.0-2 52.55 123.58 176.13 OK
r-release-macos-arm64 1.0-2 73.00 NOTE
r-release-macos-x86_64 1.0-2 101.00 OK
r-release-windows-x86_64 1.0-2 63.00 151.00 214.00 OK
r-oldrel-macos-arm64 1.0-2 87.00 NOTE
r-oldrel-macos-x86_64 1.0-2 161.00 OK
r-oldrel-windows-ix86+x86_64 1.0-2 84.00 149.00 233.00 OK

Check Details

Version: 1.0-2
Check: installed package size
Result: NOTE
     installed size is 5.3Mb
     sub-directories of 1Mb or more:
     R 5.1Mb
Flavors: r-release-macos-arm64, r-oldrel-macos-arm64