CRAN Package Check Results for Package QualInt

Last updated on 2022-01-21 20:48:50 CET.

Flavor Version Tinstall Tcheck Ttotal Status Flags
r-devel-linux-x86_64-debian-clang 1.0.0 9.55 106.44 115.99 NOTE
r-devel-linux-x86_64-debian-gcc 1.0.0 8.65 79.72 88.37 NOTE
r-devel-linux-x86_64-fedora-clang 1.0.0 147.99 NOTE
r-devel-linux-x86_64-fedora-gcc 1.0.0 124.38 NOTE
r-devel-windows-x86_64-new-UL 1.0.0 27.00 140.00 167.00 NOTE
r-devel-windows-x86_64-new-TK 1.0.0 NOTE
r-patched-linux-x86_64 1.0.0 8.88 101.15 110.03 NOTE
r-release-linux-x86_64 1.0.0 10.00 101.14 111.14 NOTE
r-release-macos-arm64 1.0.0 NOTE
r-release-macos-x86_64 1.0.0 NOTE
r-release-windows-ix86+x86_64 1.0.0 23.00 121.00 144.00 NOTE
r-oldrel-macos-x86_64 1.0.0 NOTE
r-oldrel-windows-ix86+x86_64 1.0.0 22.00 119.00 141.00 NOTE

Check Details

Version: 1.0.0
Check: R code for possible problems
Result: NOTE
    alphaf: no visible global function definition for 'pchisq'
    alphaf: no visible global function definition for 'dbinom'
    conout: no visible global function definition for 'sd'
    ibgaout: no visible global function definition for 'qnorm'
    ibgaout: no visible global function definition for 'pnorm'
    plot.qualint: no visible global function definition for 'qnorm'
    powerval: no visible global function definition for 'rnorm'
    powerval: no visible global function definition for 'qnorm'
    powerval: no visible global function definition for 'pnorm'
    print.expplot: no visible global function definition for 'gray'
    print.expplot: no visible binding for global variable 'coef'
    print.outplot: no visible global function definition for 'gray'
    print.outplot: no visible binding for global variable 'coef'
    qualint: no visible global function definition for 'qnorm'
    qualval: no visible global function definition for 'qnorm'
    surout: no visible global function definition for 'tail'
    surout: no visible global function definition for 'coef'
    Undefined global functions or variables:
     coef dbinom gray pchisq pnorm qnorm rnorm sd tail
    Consider adding
     importFrom("grDevices", "gray")
     importFrom("stats", "coef", "dbinom", "pchisq", "pnorm", "qnorm",
     "rnorm", "sd")
     importFrom("utils", "tail")
    to your NAMESPACE file.
Flavors: r-devel-linux-x86_64-debian-clang, r-devel-linux-x86_64-debian-gcc, r-devel-linux-x86_64-fedora-clang, r-devel-linux-x86_64-fedora-gcc, r-devel-windows-x86_64-new-UL, r-devel-windows-x86_64-new-TK, r-patched-linux-x86_64, r-release-linux-x86_64, r-release-macos-arm64, r-release-macos-x86_64, r-release-windows-ix86+x86_64, r-oldrel-macos-x86_64, r-oldrel-windows-ix86+x86_64