Last updated on 2022-05-28 02:49:09 CEST.
Flavor | Version | Tinstall | Tcheck | Ttotal | Status | Flags |
---|---|---|---|---|---|---|
r-devel-linux-x86_64-debian-clang | 1.8.1 | 2.05 | 37.05 | 39.10 | NOTE | |
r-devel-linux-x86_64-debian-gcc | 1.8.1 | 1.57 | 29.13 | 30.70 | NOTE | |
r-devel-linux-x86_64-fedora-clang | 1.8.1 | 48.08 | NOTE | |||
r-devel-linux-x86_64-fedora-gcc | 1.8.1 | 46.89 | OK | |||
r-devel-windows-x86_64 | 1.8.1 | 59.00 | 56.00 | 115.00 | OK | |
r-patched-linux-x86_64 | 1.8.1 | 2.84 | 35.70 | 38.54 | OK | |
r-release-linux-x86_64 | 1.8.1 | 1.95 | 36.28 | 38.23 | OK | |
r-release-macos-arm64 | 1.8.1 | 16.00 | OK | |||
r-release-macos-x86_64 | 1.8.1 | 26.00 | OK | |||
r-release-windows-x86_64 | 1.8.1 | 7.00 | 51.00 | 58.00 | OK | |
r-oldrel-macos-arm64 | 1.8.1 | 19.00 | OK | |||
r-oldrel-macos-x86_64 | 1.8.1 | 31.00 | OK | |||
r-oldrel-windows-ix86+x86_64 | 1.8.1 | 7.00 | 45.00 | 52.00 | OK |
Version: 1.8.1
Check: HTML version of manual
Result: NOTE
Found the following problems:
R.methodsS3-package.Rd:75:1: Warning: trimming empty <p>
Flavors: r-devel-linux-x86_64-debian-clang, r-devel-linux-x86_64-debian-gcc
Version: 1.8.1
Check: Rd cross-references
Result: NOTE
Undeclared package ‘R.oo’ in Rd xrefs
Flavor: r-devel-linux-x86_64-fedora-clang