CRAN Package Check Results for Package RABR

Last updated on 2022-01-19 16:48:31 CET.

Flavor Version Tinstall Tcheck Ttotal Status Flags
r-devel-linux-x86_64-debian-clang 0.1.0 OK
r-devel-linux-x86_64-debian-gcc 0.1.0 2.40 42.89 45.29 OK
r-devel-linux-x86_64-fedora-clang 0.1.0 68.19 NOTE
r-devel-linux-x86_64-fedora-gcc 0.1.0 54.68 NOTE
r-devel-windows-x86_64-new-UL 0.1.0 20.00 533.00 553.00 OK
r-devel-windows-x86_64-new-TK 0.1.0 NOTE
r-patched-linux-x86_64 0.1.0 2.29 50.46 52.75 OK
r-release-linux-x86_64 0.1.0 OK
r-release-macos-arm64 0.1.0 NOTE
r-release-macos-x86_64 0.1.0 NOTE
r-release-windows-ix86+x86_64 0.1.0 7.00 583.00 590.00 OK
r-oldrel-macos-x86_64 0.1.0 NOTE
r-oldrel-windows-ix86+x86_64 0.1.0 7.00 600.00 607.00 OK

Check Details

Version: 0.1.0
Check: dependencies in R code
Result: NOTE
    Namespaces in Imports field not imported from:
     ‘asd’ ‘cubature’ ‘data.table’ ‘ggplot2’ ‘multxpert’ ‘survival’
     All declared Imports should be used.
Flavors: r-devel-linux-x86_64-fedora-clang, r-devel-linux-x86_64-fedora-gcc, r-devel-windows-x86_64-new-TK, r-release-macos-arm64, r-release-macos-x86_64, r-oldrel-macos-x86_64