Last updated on 2022-05-21 00:51:05 CEST.
Flavor | Version | Tinstall | Tcheck | Ttotal | Status | Flags |
---|---|---|---|---|---|---|
r-devel-linux-x86_64-debian-clang | 2.0.3 | 10.82 | 103.99 | 114.81 | NOTE | |
r-devel-linux-x86_64-debian-gcc | 2.0.3 | 6.80 | 77.49 | 84.29 | NOTE | |
r-devel-linux-x86_64-fedora-clang | 2.0.3 | 132.50 | NOTE | |||
r-devel-linux-x86_64-fedora-gcc | 2.0.3 | 131.74 | NOTE | |||
r-devel-windows-x86_64 | 2.0.3 | 80.00 | 160.00 | 240.00 | OK | |
r-patched-linux-x86_64 | 2.0.3 | 13.02 | 96.43 | 109.45 | NOTE | |
r-release-linux-x86_64 | 2.0.3 | 9.18 | 98.10 | 107.28 | NOTE | |
r-release-macos-arm64 | 2.0.3 | 42.00 | OK | |||
r-release-macos-x86_64 | 2.0.3 | 79.00 | OK | |||
r-release-windows-x86_64 | 2.0.3 | 62.00 | 150.00 | 212.00 | OK | |
r-oldrel-macos-arm64 | 2.0.3 | 37.00 | OK | |||
r-oldrel-macos-x86_64 | 2.0.3 | 66.00 | OK | |||
r-oldrel-windows-ix86+x86_64 | 2.0.3 | 23.00 | 141.00 | 164.00 | OK |
Version: 2.0.3
Check: package dependencies
Result: NOTE
Package suggested but not available for checking: 'goodpractice'
Flavors: r-devel-linux-x86_64-debian-clang, r-devel-linux-x86_64-debian-gcc, r-devel-linux-x86_64-fedora-clang, r-devel-linux-x86_64-fedora-gcc, r-patched-linux-x86_64, r-release-linux-x86_64