CRAN Package Check Results for Package RBNZ

Last updated on 2022-05-23 17:53:03 CEST.

Flavor Version Tinstall Tcheck Ttotal Status Flags
r-devel-linux-x86_64-debian-clang 1.1.0 5.68 52.28 57.96 NOTE
r-devel-linux-x86_64-debian-gcc 1.1.0 4.55 40.54 45.09 NOTE
r-devel-linux-x86_64-fedora-clang 1.1.0 68.52 NOTE
r-devel-linux-x86_64-fedora-gcc 1.1.0 67.18 NOTE
r-devel-windows-x86_64 1.1.0 27.00 76.00 103.00 NOTE
r-patched-linux-x86_64 1.1.0 6.38 50.24 56.62 NOTE
r-release-linux-x86_64 1.1.0 NOTE
r-release-macos-arm64 1.1.0 25.00 NOTE
r-release-macos-x86_64 1.1.0 43.00 NOTE
r-release-windows-x86_64 1.1.0 27.00 73.00 100.00 NOTE
r-oldrel-macos-arm64 1.1.0 26.00 NOTE
r-oldrel-macos-x86_64 1.1.0 39.00 NOTE
r-oldrel-windows-ix86+x86_64 1.1.0 13.00 61.00 74.00 NOTE

Check Details

Version: 1.1.0
Check: LazyData
Result: NOTE
     'LazyData' is specified without a 'data' directory
Flavors: r-devel-linux-x86_64-debian-clang, r-devel-linux-x86_64-debian-gcc, r-devel-linux-x86_64-fedora-clang, r-devel-linux-x86_64-fedora-gcc, r-devel-windows-x86_64, r-patched-linux-x86_64, r-release-linux-x86_64, r-release-macos-arm64, r-release-macos-x86_64, r-release-windows-x86_64, r-oldrel-macos-arm64, r-oldrel-macos-x86_64, r-oldrel-windows-ix86+x86_64