CRAN Package Check Results for Package RBesT

Last updated on 2021-12-04 14:52:11 CET.

Flavor Version Tinstall Tcheck Ttotal Status Flags
r-devel-linux-x86_64-debian-clang 1.6-3 146.91 368.12 515.03 NOTE
r-devel-linux-x86_64-debian-gcc 1.6-3 117.91 260.83 378.74 NOTE
r-devel-linux-x86_64-fedora-clang 1.6-3 641.76 NOTE
r-devel-linux-x86_64-fedora-gcc 1.6-3 646.88 NOTE
r-devel-windows-x86_64-new-UL 1.6-3 183.00 488.00 671.00 NOTE
r-devel-windows-x86_64-new-TK 1.6-3 NOTE
r-devel-windows-x86_64-old 1.6-3 177.00 357.00 534.00 NOTE
r-patched-linux-x86_64 1.6-3 122.18 355.73 477.91 NOTE
r-release-linux-x86_64 1.6-3 132.43 358.27 490.70 NOTE
r-release-macos-arm64 1.6-3 NOTE
r-release-macos-x86_64 1.6-3 NOTE
r-release-windows-ix86+x86_64 1.6-3 320.00 511.00 831.00 NOTE
r-oldrel-macos-x86_64 1.6-3 NOTE
r-oldrel-windows-ix86+x86_64 1.6-3 324.00 555.00 879.00 NOTE

Check Details

Version: 1.6-3
Check: for GNU extensions in Makefiles
Result: NOTE
    GNU make is a SystemRequirements.
Flavors: r-devel-linux-x86_64-debian-clang, r-devel-linux-x86_64-debian-gcc, r-devel-linux-x86_64-fedora-clang, r-devel-linux-x86_64-fedora-gcc, r-devel-windows-x86_64-new-UL, r-devel-windows-x86_64-new-TK, r-devel-windows-x86_64-old, r-patched-linux-x86_64, r-release-linux-x86_64, r-release-macos-arm64, r-release-macos-x86_64, r-release-windows-ix86+x86_64, r-oldrel-macos-x86_64, r-oldrel-windows-ix86+x86_64

Version: 1.6-3
Check: installed package size
Result: NOTE
     installed size is 29.8Mb
     sub-directories of 1Mb or more:
     doc 2.0Mb
     libs 26.9Mb
Flavors: r-devel-linux-x86_64-fedora-clang, r-release-macos-arm64, r-release-macos-x86_64, r-release-windows-ix86+x86_64, r-oldrel-macos-x86_64, r-oldrel-windows-ix86+x86_64

Version: 1.6-3
Check: line endings in C/C++/Fortran sources/headers
Result: NOTE
    Found the following sources/headers with CR or CRLF line endings:
     src/RcppExports.cpp
     src/stanExports_gMAP.h
    Some Unix compilers require LF line endings.
Flavor: r-devel-windows-x86_64-new-TK