CRAN Package Check Results for Package RBtest

Last updated on 2022-05-26 12:53:48 CEST.

Flavor Version Tinstall Tcheck Ttotal Status Flags
r-devel-linux-x86_64-debian-clang 1.1 7.39 72.04 79.43 NOTE
r-devel-linux-x86_64-debian-gcc 1.1 6.23 61.12 67.35 NOTE
r-devel-linux-x86_64-fedora-clang 1.1 94.33 NOTE
r-devel-linux-x86_64-fedora-gcc 1.1 90.99 NOTE
r-devel-windows-x86_64 1.1 10.00 88.00 98.00 NOTE
r-patched-linux-x86_64 1.1 7.05 67.22 74.27 NOTE
r-release-linux-x86_64 1.1 NOTE
r-release-macos-arm64 1.1 27.00 NOTE
r-release-macos-x86_64 1.1 67.00 NOTE
r-release-windows-x86_64 1.1 9.00 93.00 102.00 NOTE
r-oldrel-macos-arm64 1.1 30.00 NOTE
r-oldrel-macos-x86_64 1.1 55.00 NOTE
r-oldrel-windows-ix86+x86_64 1.1 18.00 78.00 96.00 NOTE

Check Details

Version: 1.1
Check: LazyData
Result: NOTE
     'LazyData' is specified without a 'data' directory
Flavors: r-devel-linux-x86_64-debian-clang, r-devel-linux-x86_64-debian-gcc, r-devel-linux-x86_64-fedora-clang, r-devel-linux-x86_64-fedora-gcc, r-devel-windows-x86_64, r-patched-linux-x86_64, r-release-linux-x86_64, r-release-macos-arm64, r-release-macos-x86_64, r-release-windows-x86_64, r-oldrel-macos-arm64, r-oldrel-macos-x86_64, r-oldrel-windows-ix86+x86_64