CRAN Package Check Results for Package RCDT

Last updated on 2023-01-28 19:52:24 CET.

Flavor Version Tinstall Tcheck Ttotal Status Flags
r-devel-linux-x86_64-debian-clang 1.2.1 42.58 55.35 97.93 OK
r-devel-linux-x86_64-debian-gcc 1.2.1 33.26 43.17 76.43 NOTE
r-devel-linux-x86_64-fedora-clang 1.2.1 147.85 NOTE
r-devel-linux-x86_64-fedora-gcc 1.2.1 145.91 NOTE
r-devel-windows-x86_64 1.2.1 41.00 105.00 146.00 OK
r-patched-linux-x86_64 1.2.1 35.50 55.41 90.91 OK
r-release-linux-x86_64 1.2.1 32.76 54.82 87.58 OK
r-release-macos-arm64 1.2.1 36.00 OK
r-release-macos-x86_64 1.2.1 50.00 OK
r-release-windows-x86_64 1.2.1 47.00 110.00 157.00 OK
r-oldrel-macos-arm64 1.2.1 40.00 OK
r-oldrel-macos-x86_64 1.2.1 51.00 OK
r-oldrel-windows-ix86+x86_64 1.2.1 102.00 137.00 239.00 OK

Check Details

Version: 1.2.1
Check: C++ specification
Result: NOTE
     Specified C++14: please update to current default of C++17
Flavors: r-devel-linux-x86_64-debian-gcc, r-devel-linux-x86_64-fedora-clang, r-devel-linux-x86_64-fedora-gcc