CRAN Package Check Results for Package RChronoModel

Last updated on 2022-06-29 02:55:19 CEST.

Flavor Version Tinstall Tcheck Ttotal Status Flags
r-devel-linux-x86_64-debian-clang 0.4 3.81 47.91 51.72 NOTE
r-devel-linux-x86_64-debian-gcc 0.4 3.02 37.06 40.08 NOTE
r-devel-linux-x86_64-fedora-clang 0.4 72.25 NOTE
r-devel-linux-x86_64-fedora-gcc 0.4 76.66 NOTE
r-devel-windows-x86_64 0.4 51.00 80.00 131.00 OK
r-patched-linux-x86_64 0.4 4.08 46.17 50.25 NOTE
r-release-linux-x86_64 0.4 4.04 46.84 50.88 NOTE
r-release-macos-arm64 0.4 27.00 OK
r-release-macos-x86_64 0.4 46.00 OK
r-release-windows-x86_64 0.4 42.00 80.00 122.00 OK
r-oldrel-macos-arm64 0.4 31.00 OK
r-oldrel-macos-x86_64 0.4 44.00 OK
r-oldrel-windows-ix86+x86_64 0.4 9.00 72.00 81.00 OK

Check Details

Version: 0.4
Check: for non-standard things in the check directory
Result: NOTE
    Found the following files/directories:
     'data.csv'
Flavors: r-devel-linux-x86_64-debian-clang, r-devel-linux-x86_64-debian-gcc, r-devel-linux-x86_64-fedora-clang, r-devel-linux-x86_64-fedora-gcc, r-patched-linux-x86_64, r-release-linux-x86_64