CRAN Package Check Results for Package RCytoGPS

Last updated on 2022-06-30 02:52:33 CEST.

Flavor Version Tinstall Tcheck Ttotal Status Flags
r-devel-linux-x86_64-debian-clang 1.2.1 3.96 114.35 118.31 OK
r-devel-linux-x86_64-debian-gcc 1.2.1 2.88 82.61 85.49 OK
r-devel-linux-x86_64-fedora-clang 1.2.1 147.35 OK
r-devel-linux-x86_64-fedora-gcc 1.2.1 151.76 OK
r-devel-windows-x86_64 1.2.1 39.00 214.00 253.00 OK
r-patched-linux-x86_64 1.2.1 3.99 109.82 113.81 OK
r-release-linux-x86_64 1.2.1 3.32 108.97 112.29 OK
r-release-macos-arm64 1.2.1 53.00 NOTE
r-release-macos-x86_64 1.2.1 74.00 OK
r-release-windows-x86_64 1.2.1 25.00 205.00 230.00 OK
r-oldrel-macos-arm64 1.2.1 56.00 OK
r-oldrel-macos-x86_64 1.2.1 68.00 OK
r-oldrel-windows-ix86+x86_64 1.2.1 9.00 183.00 192.00 OK

Check Details

Version: 1.2.1
Check: package dependencies
Result: NOTE
    Package suggested but not available for checking: ‘Mercator’
Flavor: r-release-macos-arm64

Version: 1.2.1
Check: Rd cross-references
Result: NOTE
    Package unavailable to check Rd xrefs: ‘Mercator’
Flavor: r-release-macos-arm64