CRAN Package Check Results for Package RCzechia

Last updated on 2022-09-30 17:50:37 CEST.

Flavor Version Tinstall Tcheck Ttotal Status Flags
r-devel-linux-x86_64-debian-clang 1.9.2 6.13 76.12 82.25 OK
r-devel-linux-x86_64-debian-gcc 1.9.2 3.90 56.89 60.79 OK
r-devel-linux-x86_64-fedora-clang 1.9.2 108.83 OK
r-devel-linux-x86_64-fedora-gcc 1.9.2 106.63 OK
r-devel-windows-x86_64 1.9.2 28.00 110.00 138.00 OK
r-patched-linux-x86_64 1.9.2 4.51 71.66 76.17 OK
r-release-linux-x86_64 1.9.2 4.87 72.24 77.11 OK
r-release-macos-arm64 1.9.2 35.00 OK
r-release-macos-x86_64 1.9.2 46.00 OK
r-release-windows-x86_64 1.9.2 30.00 206.00 236.00 ERROR
r-oldrel-macos-arm64 1.9.2 34.00 OK
r-oldrel-macos-x86_64 1.9.2 47.00 OK
r-oldrel-windows-ix86+x86_64 1.9.2 17.00 98.00 115.00 OK

Check Details

Version: 1.9.2
Check: examples
Result: ERROR
    Running examples in 'RCzechia-Ex.R' failed
    The error most likely occurred in:
    
    > ### Name: okresy
    > ### Title: Districts (okresy)
    > ### Aliases: okresy
    >
    > ### ** Examples
    >
    > library(sf)
    >
    > hranice <- okresy()
    No internet connection.
    No internet connection.
    > plot(st_geometry(hranice), col = "white")
    Error in UseMethod("st_geometry") :
     no applicable method for 'st_geometry' applied to an object of class "NULL"
    Calls: plot -> st_geometry
    Execution halted
Flavor: r-release-windows-x86_64