Last updated on 2023-02-01 08:59:53 CET.
Flavor | Version | Tinstall | Tcheck | Ttotal | Status | Flags |
---|---|---|---|---|---|---|
r-devel-linux-x86_64-debian-clang | 0.1.6 | 2.66 | 31.45 | 34.11 | NOTE | |
r-devel-linux-x86_64-debian-gcc | 0.1.6 | 1.91 | 24.36 | 26.27 | NOTE | |
r-devel-linux-x86_64-fedora-clang | 0.1.6 | 43.69 | NOTE | |||
r-devel-linux-x86_64-fedora-gcc | 0.1.6 | 53.77 | NOTE | |||
r-devel-windows-x86_64 | 0.1.6 | 5.00 | 72.00 | 77.00 | NOTE | |
r-patched-linux-x86_64 | 0.1.6 | 3.15 | 29.76 | 32.91 | NOTE | |
r-release-linux-x86_64 | 0.1.6 | 1.71 | 29.91 | 31.62 | NOTE | |
r-release-macos-arm64 | 0.1.6 | 20.00 | NOTE | |||
r-release-macos-x86_64 | 0.1.6 | 28.00 | NOTE | |||
r-release-windows-x86_64 | 0.1.6 | 22.00 | 73.00 | 95.00 | NOTE | |
r-oldrel-macos-arm64 | 0.1.6 | 23.00 | NOTE | |||
r-oldrel-macos-x86_64 | 0.1.6 | 29.00 | NOTE | |||
r-oldrel-windows-ix86+x86_64 | 0.1.6 | 6.00 | 56.00 | 62.00 | NOTE |
Version: 0.1.6
Check: LazyData
Result: NOTE
'LazyData' is specified without a 'data' directory
Flavors: r-devel-linux-x86_64-debian-clang, r-devel-linux-x86_64-debian-gcc, r-devel-linux-x86_64-fedora-clang, r-devel-linux-x86_64-fedora-gcc, r-devel-windows-x86_64, r-patched-linux-x86_64, r-release-linux-x86_64, r-release-macos-arm64, r-release-macos-x86_64, r-release-windows-x86_64, r-oldrel-macos-arm64, r-oldrel-macos-x86_64, r-oldrel-windows-ix86+x86_64