CRAN Package Check Results for Package REddyProcNCDF

Last updated on 2022-05-16 13:50:24 CEST.

Flavor Version Tinstall Tcheck Ttotal Status Flags
r-devel-linux-x86_64-debian-clang 1.1.4 7.55 84.79 92.34 NOTE
r-devel-linux-x86_64-debian-gcc 1.1.4 6.51 61.33 67.84 NOTE
r-devel-linux-x86_64-fedora-clang 1.1.4 106.43 NOTE
r-devel-linux-x86_64-fedora-gcc 1.1.4 104.62 NOTE
r-devel-windows-x86_64 1.1.4 24.00 94.00 118.00 NOTE
r-patched-linux-x86_64 1.1.4 6.87 79.46 86.33 NOTE
r-release-linux-x86_64 1.1.4 5.27 77.74 83.01 NOTE
r-release-macos-arm64 1.1.4 30.00 NOTE
r-release-macos-x86_64 1.1.4 49.00 NOTE
r-release-windows-x86_64 1.1.4 34.00 96.00 130.00 NOTE
r-oldrel-macos-arm64 1.1.4 28.00 NOTE
r-oldrel-macos-x86_64 1.1.4 37.00 NOTE
r-oldrel-windows-ix86+x86_64 1.1.4 19.00 88.00 107.00 NOTE

Check Details

Version: 1.1.4
Check: LazyData
Result: NOTE
     'LazyData' is specified without a 'data' directory
Flavors: r-devel-linux-x86_64-debian-clang, r-devel-linux-x86_64-debian-gcc, r-devel-linux-x86_64-fedora-clang, r-devel-linux-x86_64-fedora-gcc, r-devel-windows-x86_64, r-patched-linux-x86_64, r-release-linux-x86_64, r-release-macos-arm64, r-release-macos-x86_64, r-release-windows-x86_64, r-oldrel-macos-arm64, r-oldrel-macos-x86_64, r-oldrel-windows-ix86+x86_64