CRAN Package Check Results for Package RGoogleAnalyticsPremium

Last updated on 2023-01-28 16:51:28 CET.

Flavor Version Tinstall Tcheck Ttotal Status Flags
r-devel-linux-x86_64-debian-clang 0.1.1 3.53 34.40 37.93 NOTE
r-devel-linux-x86_64-debian-gcc 0.1.1 3.08 26.58 29.66 NOTE
r-devel-linux-x86_64-fedora-clang 0.1.1 46.49 NOTE
r-devel-linux-x86_64-fedora-gcc 0.1.1 50.07 NOTE
r-devel-windows-x86_64 0.1.1 67.00 60.00 127.00 NOTE
r-patched-linux-x86_64 0.1.1 3.29 35.67 38.96 NOTE
r-release-linux-x86_64 0.1.1 3.50 35.58 39.08 NOTE
r-release-macos-arm64 0.1.1 23.00 NOTE
r-release-macos-x86_64 0.1.1 28.00 NOTE
r-release-windows-x86_64 0.1.1 110.00 69.00 179.00 NOTE
r-oldrel-macos-arm64 0.1.1 26.00 NOTE
r-oldrel-macos-x86_64 0.1.1 33.00 NOTE
r-oldrel-windows-ix86+x86_64 0.1.1 7.00 60.00 67.00 NOTE

Check Details

Version: 0.1.1
Check: LazyData
Result: NOTE
     'LazyData' is specified without a 'data' directory
Flavors: r-devel-linux-x86_64-debian-clang, r-devel-linux-x86_64-debian-gcc, r-devel-linux-x86_64-fedora-clang, r-devel-linux-x86_64-fedora-gcc, r-devel-windows-x86_64, r-patched-linux-x86_64, r-release-linux-x86_64, r-release-macos-arm64, r-release-macos-x86_64, r-release-windows-x86_64, r-oldrel-macos-arm64, r-oldrel-macos-x86_64, r-oldrel-windows-ix86+x86_64