CRAN Package Check Results for Package RGoogleFit

Last updated on 2023-01-31 23:52:28 CET.

Flavor Version Tinstall Tcheck Ttotal Status Flags
r-devel-linux-x86_64-debian-clang 0.4.0 3.63 32.37 36.00 NOTE
r-devel-linux-x86_64-debian-gcc 0.4.0 2.73 25.06 27.79 NOTE
r-devel-linux-x86_64-fedora-clang 0.4.0 45.00 NOTE
r-devel-linux-x86_64-fedora-gcc 0.4.0 45.04 NOTE
r-devel-windows-x86_64 0.4.0 6.00 60.00 66.00 NOTE
r-patched-linux-x86_64 0.4.0 2.90 32.87 35.77 NOTE
r-release-linux-x86_64 0.4.0 3.25 32.69 35.94 NOTE
r-release-macos-arm64 0.4.0 19.00 NOTE
r-release-macos-x86_64 0.4.0 26.00 NOTE
r-release-windows-x86_64 0.4.0 18.00 64.00 82.00 NOTE
r-oldrel-macos-arm64 0.4.0 22.00 NOTE
r-oldrel-macos-x86_64 0.4.0 29.00 NOTE
r-oldrel-windows-ix86+x86_64 0.4.0 8.00 55.00 63.00 NOTE

Check Details

Version: 0.4.0
Check: LazyData
Result: NOTE
     'LazyData' is specified without a 'data' directory
Flavors: r-devel-linux-x86_64-debian-clang, r-devel-linux-x86_64-debian-gcc, r-devel-linux-x86_64-fedora-clang, r-devel-linux-x86_64-fedora-gcc, r-devel-windows-x86_64, r-patched-linux-x86_64, r-release-linux-x86_64, r-release-macos-arm64, r-release-macos-x86_64, r-release-windows-x86_64, r-oldrel-macos-arm64, r-oldrel-macos-x86_64, r-oldrel-windows-ix86+x86_64