Last updated on 2023-01-31 23:52:28 CET.
Flavor | Version | Tinstall | Tcheck | Ttotal | Status | Flags |
---|---|---|---|---|---|---|
r-devel-linux-x86_64-debian-clang | 2.3.0 | 8.24 | 48.67 | 56.91 | OK | |
r-devel-linux-x86_64-debian-gcc | 2.3.0 | 6.71 | 37.47 | 44.18 | OK | |
r-devel-linux-x86_64-fedora-clang | 2.3.0 | 70.77 | NOTE | |||
r-devel-linux-x86_64-fedora-gcc | 2.3.0 | 73.44 | NOTE | |||
r-devel-windows-x86_64 | 2.3.0 | 15.00 | 108.00 | 123.00 | OK | |
r-patched-linux-x86_64 | 2.3.0 | 9.00 | 45.30 | 54.30 | OK | |
r-release-linux-x86_64 | 2.3.0 | 6.84 | 44.32 | 51.16 | OK | |
r-release-macos-arm64 | 2.3.0 | 24.00 | NOTE | |||
r-release-macos-x86_64 | 2.3.0 | 34.00 | NOTE | |||
r-release-windows-x86_64 | 2.3.0 | 98.00 | 119.00 | 217.00 | OK | |
r-oldrel-macos-arm64 | 2.3.0 | 28.00 | NOTE | |||
r-oldrel-macos-x86_64 | 2.3.0 | 36.00 | NOTE | |||
r-oldrel-windows-ix86+x86_64 | 2.3.0 | 18.00 | 74.00 | 92.00 | OK |
Version: 2.3.0
Check: dependencies in R code
Result: NOTE
Namespace in Imports field not imported from: ‘httr’
All declared Imports should be used.
Flavors: r-devel-linux-x86_64-fedora-clang, r-devel-linux-x86_64-fedora-gcc, r-release-macos-arm64, r-release-macos-x86_64, r-oldrel-macos-arm64, r-oldrel-macos-x86_64
Version: 2.3.0
Check: data for non-ASCII characters
Result: NOTE
Note: found 243 marked UTF-8 strings
Flavors: r-devel-linux-x86_64-fedora-clang, r-devel-linux-x86_64-fedora-gcc, r-release-macos-arm64, r-release-macos-x86_64, r-oldrel-macos-arm64, r-oldrel-macos-x86_64