CRAN Package Check Results for Package RMKdiscrete

Last updated on 2022-05-17 21:50:56 CEST.

Flavor Version Tinstall Tcheck Ttotal Status Flags
r-devel-linux-x86_64-debian-clang 0.2 4.85 45.24 50.09 OK
r-devel-linux-x86_64-debian-gcc 0.2 4.40 33.79 38.19 OK
r-devel-linux-x86_64-fedora-clang 0.2 60.13 NOTE
r-devel-linux-x86_64-fedora-gcc 0.2 58.68 NOTE
r-devel-windows-x86_64 0.2 32.00 69.00 101.00 OK
r-patched-linux-x86_64 0.2 5.93 42.85 48.78 OK
r-release-linux-x86_64 0.2 4.53 42.74 47.27 OK
r-release-macos-arm64 0.2 17.00 OK
r-release-macos-x86_64 0.2 27.00 OK
r-release-windows-x86_64 0.2 32.00 87.00 119.00 OK
r-oldrel-macos-arm64 0.2 17.00 OK
r-oldrel-macos-x86_64 0.2 28.00 OK
r-oldrel-windows-ix86+x86_64 0.2 15.00 66.00 81.00 OK

Check Details

Version: 0.2
Check: compiled code
Result: NOTE
    File ‘RMKdiscrete/libs/RMKdiscrete.so’:
     Found no calls to: ‘R_registerRoutines’, ‘R_useDynamicSymbols’
    
    It is good practice to register native routines and to disable symbol
    search.
    
    See ‘Writing portable packages’ in the ‘Writing R Extensions’ manual.
Flavors: r-devel-linux-x86_64-fedora-clang, r-devel-linux-x86_64-fedora-gcc