CRAN Package Check Results for Package RMKdiscrete

Last updated on 2023-05-30 16:00:43 CEST.

Flavor Version Tinstall Tcheck Ttotal Status Flags
r-devel-linux-x86_64-debian-clang 0.2 5.52 36.09 41.61 OK
r-devel-linux-x86_64-debian-gcc 0.2 4.85 27.87 32.72 OK
r-devel-linux-x86_64-fedora-clang 0.2 52.78 NOTE
r-devel-linux-x86_64-fedora-gcc 0.2 55.73 NOTE
r-devel-windows-x86_64 0.2 8.00 58.00 66.00 OK
r-patched-linux-x86_64 0.2 6.52 35.44 41.96 OK
r-release-linux-x86_64 0.2 4.87 35.06 39.93 OK
r-release-macos-arm64 0.2 25.00 OK
r-release-macos-x86_64 0.2 26.00 OK
r-release-windows-x86_64 0.2 9.00 68.00 77.00 OK
r-oldrel-macos-arm64 0.2 20.00 OK
r-oldrel-macos-x86_64 0.2 27.00 OK
r-oldrel-windows-x86_64 0.2 32.00 87.00 119.00 OK

Check Details

Version: 0.2
Check: compiled code
Result: NOTE
    File ‘RMKdiscrete/libs/RMKdiscrete.so’:
     Found no calls to: ‘R_registerRoutines’, ‘R_useDynamicSymbols’
    
    It is good practice to register native routines and to disable symbol
    search.
    
    See ‘Writing portable packages’ in the ‘Writing R Extensions’ manual.
Flavors: r-devel-linux-x86_64-fedora-clang, r-devel-linux-x86_64-fedora-gcc